{"id":3440,"date":"2014-05-31T14:01:56","date_gmt":"2014-05-31T11:01:56","guid":{"rendered":"http:\/\/localhost\/wp\/publicatiile-bnrm\/"},"modified":"2025-12-10T12:04:09","modified_gmt":"2025-12-10T10:04:09","slug":"publicatiile-bnrm","status":"publish","type":"page","link":"https:\/\/www.bnrm.md\/?page_id=3440","title":{"rendered":"Publica\u0163iile BNRM"},"content":{"rendered":"\t\t<div data-elementor-type=\"wp-page\" data-elementor-id=\"3440\" class=\"elementor elementor-3440\">\n\t\t\t\t<div class=\"elementor-element elementor-element-6ecb70df e-flex e-con-boxed e-con e-parent\" data-id=\"6ecb70df\" data-element_type=\"container\">\n\t\t\t\t\t<div class=\"e-con-inner\">\n\t\t\t\t<div class=\"elementor-element elementor-element-5fbb52d8 elementor-widget elementor-widget-text-editor\" data-id=\"5fbb52d8\" data-element_type=\"widget\" data-widget_type=\"text-editor.default\">\n\t\t\t\t\t\t\t\t\t<h1 style=\"text-align: center;\">Publica\u0163iile BNRM<\/h1>\n<h4>Monografii<\/h4>\n<ul>\n<li><a href=\"http:\/\/www.bnrm.md\/wp\/wp-content\/uploads\/2014\/05\/Monografii-BNRM-meridianul-zero-Sistemului-National-Biblioteci-1991-2016.pdf\">Biblioteca Na\u021bional\u0103 a Republicii Moldova &#8211; meridianul zero al Sistemului Na\u021bional de Biblioteci (1991-2016)<\/a><\/li>\n<\/ul>\n<h4>Bibliografii<\/h4>\n<ul>\n<li><a href=\"http:\/\/www.bnrm.md\/wp\/?page_id=3463\">Bibliografia Na\u0163ional\u0103 a Moldovei. Moldavistica (Exteriorica)<\/a><\/li>\n<li><a href=\"http:\/\/www.bnrm.md\/wp\/?page_id=3462\">Bibliografia Na\u0163ional\u0103 a Moldovei. Publica\u0163ii oficiale<\/a><\/li>\n<li><a href=\"http:\/\/www.bnrm.md\/wp\/?page_id=3461\">Bibliografia Na\u0163ional\u0103 a Moldovei. Teze de doctorat<\/a><\/li>\n<li><a href=\"http:\/\/www.bnrm.md\/wp\/?page_id=3460\">Cultura \u00een Moldova: buletin de informare \u015fi documentare<\/a><\/li>\n<li><a href=\"http:\/\/www.bnrm.md\/wp\/?page_id=3459\">Cronica vie\u0163ii politico-administrative, social-econimice \u015fi culturale a Moldovei<\/a><\/li>\n<li><a href=\"http:\/\/www.bnrm.md\/wp\/?page_id=4461\">Me\u015fte\u015fuguri populare tradi\u0163ionale moldovene\u015fti<\/a><\/li>\n<li><a href=\"http:\/\/www.bnrm.md\/wp\/?page_id=3446\">Colec\u0163ia \u201cPlasticienii Moldovei\u201d<\/a><\/li>\n<li><a href=\"http:\/\/www.bnrm.md\/wp\/?page_id=3445\">Colec\u0163ia \u201cCompozitorii Moldovei\u201d<\/a><\/li>\n<li><a href=\"http:\/\/www.bnrm.md\/wp\/?page_id=3444\">Colec\u0163ia \u201cClio \u0219i Byblon\u201d<br><\/a><\/li>\n<li><a href=\"http:\/\/www.bnrm.md\/wp\/?page_id=4463\">Bibliografia BIBLIOTECA NA\u0162IONAL\u0102 A REPUBLICII MOLDOVA &#8211; 185 DE ANI<\/a><\/li>\n<li><a href=\"http:\/\/www.bnrm.md\/wp\/?page_id=3442\">Bibliografia BIBLIOTECA NA\u0162IONAL\u0102 A REPUBLICII MOLDOVA &#8211; 180 DE ANI<\/a><\/li>\n<\/ul>\n<h4>Biobibliografii<\/h4>\n<ul>\n<li><a href=\"http:\/\/www.bnrm.md\/wp\/?page_id=3447\">Biobibliografia &#8222;\u015etefan cel Mare&#8221;<br><\/a><\/li>\n<li><a href=\"http:\/\/www.bnrm.md\/wp\/?page_id=4465\">Biobibliografia Gheorghe Mustea<\/a><\/li>\n<li><a href=\"http:\/\/www.bnrm.md\/wp\/?page_id=3443\">Biobibliografia Mihai Prepeli\u021b\u0103<\/a><\/li>\n<li><a href=\"http:\/\/www.bnrm.md\/wp\/?page_id=3441\">Biobibliografia Alexandru Sturdza<\/a><\/li>\n<li><a href=\"http:\/\/www.bnrm.md\/wp\/?page_id=4399\">Biobibliografia Petru Buburuz<\/a><\/li>\n<li><a href=\"http:\/\/www.bnrm.md\/wp\/?page_id=4464\">Biobibliografia Nina Soroceanu: Rodul cuvintelor<\/a><\/li>\n<\/ul>\n<h4>Publica\u0163ii metodologice<\/h4>\n<ul>\n<li>Calendar Na\u0163ional<\/li>\n<li><a href=\"http:\/\/www.bnrm.md\/wp\/?page_id=1739\">Biblioteconomia Moldovei. Cadru de reglementare<\/a><\/li>\n<li><a href=\"http:\/\/www.bnrm.md\/wp\/wp-content\/uploads\/2014\/05\/Ghid-Indicatori-de-performanta-SM-ISO-11620-2016.pdf\">Indicatori de performant\u0103 pentru biblioteci. Ghid \u00een sprijinul implement\u0103rii SM ISO 11620:2016<\/a><\/li>\n<li><a href=\"http:\/\/www.bnrm.md\/wp\/buletin-bibliologic\/\">Buletin bibliologic<\/a><\/li>\n<li><a href=\"http:\/\/www.bnrm.md\/wp\/wp-content\/uploads\/2014\/05\/Imaginea_BNRM_mass-media_din_strainatate.pdf\">Imaginea Bibliotecii Na\u0163ionale a Republicii Moldova \u00een mass-media din str\u0103in\u0103tate (1991-2011)<\/a><\/li>\n<li><a href=\"http:\/\/www.bnrm.md\/wp\/wp-content\/uploads\/2014\/05\/Tribuna-avocatului-bibliotecii-indrumar-pentru-bibliotecari.pdf\">Tribuna avocatului bibliotecii. \u00cendrumar pentru bibliotecari<\/a><\/li>\n<li><a href=\"http:\/\/www.bnrm.md\/wp\/wp-content\/uploads\/2014\/05\/VOsoanu-Biblioteca-publica-intre-perceptia-traditionala-utilizatorul-modern.pdf\">Osoianu-Filip, Vera. Biblioteca public\u0103 \u00eentre percep\u021bia tradi\u021bional\u0103 \u0219i utilizatorul modern<\/a><\/li>\n<li><a href=\"http:\/\/www.bnrm.md\/wp\/wp-content\/uploads\/2014\/05\/VOsoanu-Biblioteca-in-cautarea-identitatii.pdf\">Osoianu, Vera. Biblioteca \u00een c\u0103utarea identit\u0103\u021bii<\/a><\/li>\n<li><a href=\"http:\/\/www.bnrm.md\/wp\/wp-content\/uploads\/2014\/05\/Bibliotecarii-renumiti-istoria-culturii-mondiale.pdf\">Bibliotecarii renumi\u021bi din istoria culturii mondiale<\/a><\/li>\n<\/ul>\n<h4>Edi\u0163ii periodice de specialitate<\/h4>\n<ul>\n<li><a href=\"http:\/\/www.bnrm.md\/wp\/?page_id=3468\">Magazin bibliologic<\/a><\/li>\n<li><a href=\"http:\/\/www.bnrm.md\/wp\/?page_id=3467\">Gazeta bibliotecarului<\/a><\/li>\n<\/ul>\n<h4><strong>Publica\u0163ii de sintez\u0103<\/strong><\/h4>\n<ul>\n<li><a href=\"http:\/\/www.bnrm.md\/wp\/?page_id=3473\">Imaginea Republicii Moldova \u00een str\u0103in\u0103tate. Almanah<\/a><\/li>\n<li><a href=\"http:\/\/www.bnrm.md\/wp\/?page_id=3472\">Basarabenii \u00een lume: materialele Polipticului cultural-istoric \u015fi \u015ftiin\u0163ific organizat de BNRM<\/a><\/li>\n<li><a href=\"http:\/\/www.bnrm.md\/wp\/?page_id=3471\">Bibliotecile publice din Republica Moldova. Situa\u0163ii statistice<\/a><\/li>\n<li><a href=\"http:\/\/www.bnrm.md\/wp\/?page_id=3470\">Biblioteca Na\u0163ional\u0103: raport anual<\/a><\/li>\n<li><a href=\"http:\/\/www.bnrm.md\/wp\/wp-content\/uploads\/2014\/05\/Publicatii-sinteza-Omagiu-Strajerilor-patrimoniului-documentar.pdf\">Omagiu \u201eStr\u0103jerilor\u201d patrimoniului documentar al BNRM<\/a><\/li>\n<\/ul>\n<h4>Edi\u0163ii promo\u0163ionale<\/h4>\n<ul>\n<li><a href=\"http:\/\/www.moldavica.bnrm.md\/biblielmo?e=d-01000-00---off-0carti--00-1----0-10-0---0---0direct-10---4-------0-1l--11-ro-50---20-about---00-3-1-00-0-0-11-1-0utfZz-8-00&amp;a=d&amp;c=carti&amp;cl=CL1.1&amp;d=JC12\">Din comorile BNRM: edi\u0163ie ilustrat\u0103 consacrat\u0103 c\u0103r\u0163ii vechi \u015fi rare din fondurile bibliotecii<\/a><\/li>\n<li><a href=\"http:\/\/www.bnrm.md\/wp\/wp-content\/uploads\/2014\/05\/O_retrospectiva_a_editiilor_SIC.pdf\">O retrospectiv\u0103 a edi\u0163iilor Salonului Interna\u0163ional de Carte<\/a><\/li>\n<li><a href=\"http:\/\/www.bnrm.md\/wp\/?page_id=4180\">Gala Laurea\u0163ilor Premiilor Na\u0163ionale GALEX<\/a><\/li>\n<\/ul>\t\t\t\t\t\t\t\t<\/div>\n\t\t\t\t\t<\/div>\n\t\t\t\t<\/div>\n\t\t\t\t<\/div>\n\t\t","protected":false},"excerpt":{"rendered":"<p>Publica\u0163iile BNRM Monografii Biblioteca Na\u021bional\u0103 a Republicii Moldova &#8211; meridianul zero al Sistemului Na\u021bional de Biblioteci (1991-2016) Bibliografii Bibliografia Na\u0163ional\u0103 a Moldovei. Moldavistica (Exteriorica) Bibliografia Na\u0163ional\u0103 a Moldovei. Publica\u0163ii oficiale Bibliografia Na\u0163ional\u0103 a Moldovei. Teze de doctorat Cultura \u00een Moldova: buletin de informare \u015fi documentare Cronica vie\u0163ii politico-administrative, social-econimice \u015fi culturale a Moldovei Me\u015fte\u015fuguri populare&#8230;<\/p>\n","protected":false},"author":1,"featured_media":0,"parent":0,"menu_order":11,"comment_status":"closed","ping_status":"closed","template":"","meta":{"_bst_post_transparent":"","_bst_post_title":"","_bst_post_layout":"","_bst_post_sidebar_id":"","_bst_post_content_style":"","_bst_post_vertical_padding":"","_bst_post_feature":"","_bst_post_feature_position":"","_bst_post_header":false,"_bst_post_footer":false,"footnotes":""},"class_list":["post-3440","page","type-page","status-publish","hentry"],"_links":{"self":[{"href":"https:\/\/www.bnrm.md\/index.php?rest_route=\/wp\/v2\/pages\/3440","targetHints":{"allow":["GET"]}}],"collection":[{"href":"https:\/\/www.bnrm.md\/index.php?rest_route=\/wp\/v2\/pages"}],"about":[{"href":"https:\/\/www.bnrm.md\/index.php?rest_route=\/wp\/v2\/types\/page"}],"author":[{"embeddable":true,"href":"https:\/\/www.bnrm.md\/index.php?rest_route=\/wp\/v2\/users\/1"}],"replies":[{"embeddable":true,"href":"https:\/\/www.bnrm.md\/index.php?rest_route=%2Fwp%2Fv2%2Fcomments&post=3440"}],"version-history":[{"count":47,"href":"https:\/\/www.bnrm.md\/index.php?rest_route=\/wp\/v2\/pages\/3440\/revisions"}],"predecessor-version":[{"id":5888,"href":"https:\/\/www.bnrm.md\/index.php?rest_route=\/wp\/v2\/pages\/3440\/revisions\/5888"}],"wp:attachment":[{"href":"https:\/\/www.bnrm.md\/index.php?rest_route=%2Fwp%2Fv2%2Fmedia&parent=3440"}],"curies":[{"name":"wp","href":"https:\/\/api.w.org\/{rel}","templated":true}]}}