{"id":3442,"date":"2014-05-31T15:30:47","date_gmt":"2014-05-31T12:30:47","guid":{"rendered":"http:\/\/localhost\/wp\/bibliografia-bnrm-180-de-ani\/"},"modified":"2014-05-31T15:30:47","modified_gmt":"2014-05-31T12:30:47","slug":"bibliografia-bnrm-180-de-ani","status":"publish","type":"page","link":"https:\/\/www.bnrm.md\/?page_id=3442","title":{"rendered":"Bibliografia BNRM &#8211; 180 DE ANI"},"content":{"rendered":"<h1 style=\"text-align: center;\">Bibliografia BNRM &#8211; 180 DE ANI<\/h1>\n<p>&nbsp;<\/p>\n<p style=\"float: left;\">\n\t<a href=\"http:\/\/www.bnrm.md\/wp-content\/uploads\/2014\/05\/bnrm180.pdf\"><img fetchpriority=\"high\" decoding=\"async\" class=\" size-full wp-image-19\" src=\"http:\/\/www.bnrm.md\/wp-content\/uploads\/2014\/05\/bnrm180.jpg\" alt=\"bnrm180\" style=\"margin-right: 10px;\" width=\"200\" height=\"283\" \/><\/a>\n<\/p>\n<div>\n<h3 style=\"text-align: center;\">BIBLIOTECA NA\u0162IONAL\u0102 A REPUBLICII MOLDOVA &#8211; 180 DE ANI<\/h3>\n<h4 style=\"text-align: center;\"><em>Biobibliografie<\/em><\/h4>\n<p>&nbsp;<\/p>\n<p><em>Alc\u0103tuitor:<\/em> Prascovia Caleva, Violeta Ionel<br \/><em>Coperta:<\/em> Drago\u015f Popa Miu<br \/><em>Redactor:<\/em> Raisa Pl\u0103ie\u015fu<br \/><em>Procesare computerizat\u0103:<\/em> Diana Stoian<\/p>\n<\/div>\n","protected":false},"excerpt":{"rendered":"<p>Bibliografia BNRM &#8211; 180 DE ANI &nbsp; BIBLIOTECA NA\u0162IONAL\u0102 A REPUBLICII MOLDOVA &#8211; 180 DE ANI Biobibliografie &nbsp; Alc\u0103tuitor: Prascovia Caleva, Violeta IonelCoperta: Drago\u015f Popa MiuRedactor: Raisa Pl\u0103ie\u015fuProcesare computerizat\u0103: Diana Stoian<\/p>\n","protected":false},"author":1,"featured_media":23,"parent":0,"menu_order":23,"comment_status":"closed","ping_status":"closed","template":"","meta":{"_bst_post_transparent":"","_bst_post_title":"","_bst_post_layout":"","_bst_post_sidebar_id":"","_bst_post_content_style":"","_bst_post_vertical_padding":"","_bst_post_feature":"","_bst_post_feature_position":"","_bst_post_header":false,"_bst_post_footer":false,"footnotes":""},"class_list":["post-3442","page","type-page","status-publish","has-post-thumbnail","hentry"],"_links":{"self":[{"href":"https:\/\/www.bnrm.md\/index.php?rest_route=\/wp\/v2\/pages\/3442","targetHints":{"allow":["GET"]}}],"collection":[{"href":"https:\/\/www.bnrm.md\/index.php?rest_route=\/wp\/v2\/pages"}],"about":[{"href":"https:\/\/www.bnrm.md\/index.php?rest_route=\/wp\/v2\/types\/page"}],"author":[{"embeddable":true,"href":"https:\/\/www.bnrm.md\/index.php?rest_route=\/wp\/v2\/users\/1"}],"replies":[{"embeddable":true,"href":"https:\/\/www.bnrm.md\/index.php?rest_route=%2Fwp%2Fv2%2Fcomments&post=3442"}],"version-history":[{"count":0,"href":"https:\/\/www.bnrm.md\/index.php?rest_route=\/wp\/v2\/pages\/3442\/revisions"}],"wp:featuredmedia":[{"embeddable":true,"href":"https:\/\/www.bnrm.md\/index.php?rest_route=\/wp\/v2\/media\/23"}],"wp:attachment":[{"href":"https:\/\/www.bnrm.md\/index.php?rest_route=%2Fwp%2Fv2%2Fmedia&parent=3442"}],"curies":[{"name":"wp","href":"https:\/\/api.w.org\/{rel}","templated":true}]}}