{"id":3445,"date":"2014-05-31T15:44:58","date_gmt":"2014-05-31T12:44:58","guid":{"rendered":"http:\/\/localhost\/wp\/compozitorii-moldovei\/"},"modified":"2014-05-31T15:44:58","modified_gmt":"2014-05-31T12:44:58","slug":"compozitorii-moldovei","status":"publish","type":"page","link":"https:\/\/www.bnrm.md\/?page_id=3445","title":{"rendered":"Colec\u0163ia \u201eCompozitorii Moldovei\u201d"},"content":{"rendered":"<h1 style=\"text-align: center;\">Colec\u0163ia \u201eCompozitorii Moldovei\u201d<\/h1>\n<p>&nbsp;<\/p>\n<table style=\"font-size: 14px;\">\n<tbody>\n<tr>\n<td><a href=\"http:\/\/www.bnrm.md\/wp-content\/uploads\/2014\/05\/CompozitoriiDouaVietiInUnison.pdf\"><img decoding=\"async\" class=\" size-full wp-image-28\" src=\"http:\/\/www.bnrm.md\/wp-content\/uploads\/2014\/05\/CompozitoriiDouaVietiInUnison.jpg\" alt=\"CompozitoriiDouaVietiInUnison\" style=\"display: block; margin-left: auto; margin-right: auto;\" width=\"183\" height=\"248\" \/><\/a><\/p>\n<p style=\"text-align: center;\"><a href=\"http:\/\/www.bnrm.md\/wp-content\/uploads\/2014\/05\/CompozitoriiDouaVietiInUnison.pdf\"><b>Dou\u0103 vie\u0163i \u00een unison : In memoriam <br \/>Ion \u015fi Doina Aldea-Teodorovici : Biobibliografie<\/b><\/a><\/p>\n<\/td>\n<td><a href=\"http:\/\/www.bnrm.md\/wp-content\/uploads\/2014\/05\/Biobibliografie-Vasile-Zagorschi.pdf\"><img decoding=\"async\" class=\" size-full wp-image-31\" src=\"http:\/\/www.bnrm.md\/wp-content\/uploads\/2014\/05\/Vasile-Zagorschi.jpg\" alt=\"Vasile Zagorschi\" width=\"186\" height=\"248\" style=\"display: block; margin-left: auto; margin-right: auto;\" \/><\/a><\/p>\n<p style=\"text-align: center;\"><a href=\"http:\/\/www.bnrm.md\/wp-content\/uploads\/2014\/05\/Biobibliografie-Vasile-Zagorschi.pdf\"><b>Vasile Zagorschi : Biobibliografie<\/b><\/a><\/p>\n<p><b>&nbsp;<\/b><\/p>\n<\/td>\n<\/tr>\n<\/tbody>\n<\/table>\n","protected":false},"excerpt":{"rendered":"<p>Colec\u0163ia \u201eCompozitorii Moldovei\u201d &nbsp; Dou\u0103 vie\u0163i \u00een unison : In memoriam Ion \u015fi Doina Aldea-Teodorovici : Biobibliografie Vasile Zagorschi : Biobibliografie &nbsp;<\/p>\n","protected":false},"author":1,"featured_media":32,"parent":0,"menu_order":20,"comment_status":"closed","ping_status":"closed","template":"","meta":{"_bst_post_transparent":"","_bst_post_title":"","_bst_post_layout":"","_bst_post_sidebar_id":"","_bst_post_content_style":"","_bst_post_vertical_padding":"","_bst_post_feature":"","_bst_post_feature_position":"","_bst_post_header":false,"_bst_post_footer":false,"footnotes":""},"class_list":["post-3445","page","type-page","status-publish","has-post-thumbnail","hentry"],"_links":{"self":[{"href":"https:\/\/www.bnrm.md\/index.php?rest_route=\/wp\/v2\/pages\/3445","targetHints":{"allow":["GET"]}}],"collection":[{"href":"https:\/\/www.bnrm.md\/index.php?rest_route=\/wp\/v2\/pages"}],"about":[{"href":"https:\/\/www.bnrm.md\/index.php?rest_route=\/wp\/v2\/types\/page"}],"author":[{"embeddable":true,"href":"https:\/\/www.bnrm.md\/index.php?rest_route=\/wp\/v2\/users\/1"}],"replies":[{"embeddable":true,"href":"https:\/\/www.bnrm.md\/index.php?rest_route=%2Fwp%2Fv2%2Fcomments&post=3445"}],"version-history":[{"count":0,"href":"https:\/\/www.bnrm.md\/index.php?rest_route=\/wp\/v2\/pages\/3445\/revisions"}],"wp:featuredmedia":[{"embeddable":true,"href":"https:\/\/www.bnrm.md\/index.php?rest_route=\/wp\/v2\/media\/32"}],"wp:attachment":[{"href":"https:\/\/www.bnrm.md\/index.php?rest_route=%2Fwp%2Fv2%2Fmedia&parent=3445"}],"curies":[{"name":"wp","href":"https:\/\/api.w.org\/{rel}","templated":true}]}}