{"id":3464,"date":"2014-05-31T19:16:38","date_gmt":"2014-05-31T16:16:38","guid":{"rendered":"http:\/\/localhost\/wp\/bibliografii\/"},"modified":"2026-03-27T11:25:57","modified_gmt":"2026-03-27T09:25:57","slug":"bibliografii","status":"publish","type":"page","link":"https:\/\/www.bnrm.md\/?page_id=3464","title":{"rendered":"Bibliografii"},"content":{"rendered":"<h1 style=\"text-align: center;\">Bibliografii<\/h1>\n<ul>\n<li><a href=\"http:\/\/bnrm.md\/?page_id=3463\">Exteriorica. Compartiment din Bibliografia Na\u0163ional\u0103 a Moldovei<\/a><\/li>\n<li><a href=\"http:\/\/bnrm.md\/?page_id=3462\">Publica\u0163ii oficiale. Serie analitic\u0103<\/a><\/li>\n<li><a href=\"http:\/\/bnrm.md\/\/\/\/\/\/?page_id=3461\">Teze de doctorat. Serie analitic\u0103<\/a><\/li>\n<li><a href=\"http:\/\/bnrm.md\/?page_id=3460\">Cultura \u00een Moldova: buletin de informare \u015fi documentare<\/a><\/li>\n<li><a href=\"http:\/\/bnrm.md\/\/\/\/\/\/?page_id=3459\">Cronica vie\u0163ii politico-administrative, social-econimice \u015fi culturale a Moldovei<\/a><\/li>\n<li><a href=\"http:\/\/bnrm.md\/\/\/\/\/\/?page_id=4640\">Marea Unire a rom\u00e2nilor de la 1918. Contribu\u0163ii bibliografice<\/a><\/li>\n<li><a href=\"http:\/\/bnrm.md\/\/\/\/\/\/?page_id=4461\">Me\u015fte\u015fuguri populare tradi\u0163ionale moldovene\u015fti<\/a><\/li>\n<li><a href=\"http:\/\/bnrm.md\/\/\/\/\/\/?page_id=3446\">Colec\u0163ia \u201cPlasticienii Moldovei\u201d<\/a><\/li>\n<li><a href=\"http:\/\/bnrm.md\/?page_id=3445\">Colec\u0163ia \u201cCompozitorii Moldovei\u201d<\/a><\/li>\n<li><a href=\"http:\/\/bnrm.md\/?page_id=3444\">Colec\u0163ia \u201cClio \u0219i Byblon\u201d<\/a><\/li>\n<li><a href=\"http:\/\/bnrm.md\/?page_id=4739\">Colec\u021bia \u201eBiblioLeader\u201d <\/a><\/li>\n<li><a href=\"http:\/\/bnrm.md\/\/\/\/\/\/?page_id=4463\">Bibliografia BIBLIOTECA NA\u0162IONAL\u0102 A REPUBLICII MOLDOVA &#8211; 185 DE ANI<\/a><\/li>\n<li><a href=\"http:\/\/bnrm.md\/?page_id=3442\">Bibliografia BIBLIOTECA NA\u0162IONAL\u0102 A REPUBLICII MOLDOVA &#8211; 180 DE ANI<\/a><\/li>\n<\/ul>\n\n\n<p><\/p>\n","protected":false},"excerpt":{"rendered":"<p>Bibliografii Exteriorica. Compartiment din Bibliografia Na\u0163ional\u0103 a Moldovei Publica\u0163ii oficiale. Serie analitic\u0103 Teze de doctorat. Serie analitic\u0103 Cultura \u00een Moldova: buletin de informare \u015fi documentare Cronica vie\u0163ii politico-administrative, social-econimice \u015fi culturale a Moldovei Marea Unire a rom\u00e2nilor de la 1918. Contribu\u0163ii bibliografice Me\u015fte\u015fuguri populare tradi\u0163ionale moldovene\u015fti Colec\u0163ia \u201cPlasticienii Moldovei\u201d Colec\u0163ia \u201cCompozitorii Moldovei\u201d Colec\u0163ia \u201cClio \u0219i&#8230;<\/p>\n","protected":false},"author":1,"featured_media":0,"parent":0,"menu_order":9,"comment_status":"closed","ping_status":"closed","template":"","meta":{"_bst_post_transparent":"","_bst_post_title":"","_bst_post_layout":"","_bst_post_sidebar_id":"","_bst_post_content_style":"","_bst_post_vertical_padding":"","_bst_post_feature":"","_bst_post_feature_position":"","_bst_post_header":false,"_bst_post_footer":false,"footnotes":""},"class_list":["post-3464","page","type-page","status-publish","hentry"],"_links":{"self":[{"href":"https:\/\/www.bnrm.md\/index.php?rest_route=\/wp\/v2\/pages\/3464","targetHints":{"allow":["GET"]}}],"collection":[{"href":"https:\/\/www.bnrm.md\/index.php?rest_route=\/wp\/v2\/pages"}],"about":[{"href":"https:\/\/www.bnrm.md\/index.php?rest_route=\/wp\/v2\/types\/page"}],"author":[{"embeddable":true,"href":"https:\/\/www.bnrm.md\/index.php?rest_route=\/wp\/v2\/users\/1"}],"replies":[{"embeddable":true,"href":"https:\/\/www.bnrm.md\/index.php?rest_route=%2Fwp%2Fv2%2Fcomments&post=3464"}],"version-history":[{"count":24,"href":"https:\/\/www.bnrm.md\/index.php?rest_route=\/wp\/v2\/pages\/3464\/revisions"}],"predecessor-version":[{"id":6573,"href":"https:\/\/www.bnrm.md\/index.php?rest_route=\/wp\/v2\/pages\/3464\/revisions\/6573"}],"wp:attachment":[{"href":"https:\/\/www.bnrm.md\/index.php?rest_route=%2Fwp%2Fv2%2Fmedia&parent=3464"}],"curies":[{"name":"wp","href":"https:\/\/api.w.org\/{rel}","templated":true}]}}