{"id":3471,"date":"2014-05-31T23:54:22","date_gmt":"2014-05-31T20:54:22","guid":{"rendered":"http:\/\/localhost\/wp\/bibliotecile-publice\/"},"modified":"2014-05-31T23:54:22","modified_gmt":"2014-05-31T20:54:22","slug":"bibliotecile-publice","status":"publish","type":"page","link":"https:\/\/www.bnrm.md\/?page_id=3471","title":{"rendered":"Bibliotecile Publice Teritoriale din Republica Moldova. Indicatori statistici \u0219i de performan\u021b\u0103"},"content":{"rendered":"<h1 style=\"text-align: center;\">Bibliotecile Publice Teritoriale din Republica Moldova.<br \/>Indicatori statistici \u0219i de performan\u021b\u0103<\/h1>\n<p>&nbsp;<\/p>\n<p><a href=\"http:\/\/www.bnrm.md\/wp-content\/uploads\/2014\/05\/Bibliotecile-Publice-Indicatori-statistici-2015-2016.pdf\">Bibliotecile Publice Teritoriale din Republica Moldova. Indicatori statistici \u0219i de performan\u021b\u0103 2015-2016<br \/><\/a><a href=\"http:\/\/www.bnrm.md\/wp-content\/uploads\/2014\/05\/Bibliotecile-publice-2015-2016-Anexe.pdf\">Anexe<\/a><\/p>\n<p>&nbsp;<\/p>\n<p><a href=\"http:\/\/www.bnrm.md\/wp-content\/uploads\/2014\/05\/Bibliotecile-publice-Situatii-statistice-2013-2014.pdf\">Bibliotecile publice din Republica Moldova. Situa\u0163ii statistice 2013-2014<br \/><\/a><a href=\"http:\/\/www.bnrm.md\/wp-content\/uploads\/2014\/05\/Bibliotecile-publice-2013-2014-Anexe.pdf\">Anexe<\/a><\/p>\n<p>&nbsp;<\/p>\n<p><a href=\"http:\/\/www.bnrm.md\/wp-content\/uploads\/2014\/05\/Bibliotecile-publice-Situatii-statistice-2011-2012.pdf\">Bibliotecile publice din Republica Moldova. Situa\u0163ii statistice 2011-2012<br \/><\/a><a href=\"http:\/\/www.bnrm.md\/wp-content\/uploads\/2014\/05\/Bibliotecile-publice-2011-2012-Anexe.pdf\">Anexe<\/a><\/p>\n<p>&nbsp;<\/p>\n<p><a href=\"http:\/\/www.bnrm.md\/wp-content\/uploads\/2014\/05\/Bibliotecile-publice-Situatii-statistice-2009-2010.pdf\">Bibliotecile publice din Republica Moldova. Situa\u0163ii statistice 2009-2010<br \/><\/a><a href=\"http:\/\/www.bnrm.md\/wp-content\/uploads\/2014\/05\/Bibliotecile-publice-2009-2010-Anexe.pdf\">Anexe<\/a><\/p>\n<p>&nbsp;<\/p>\n<p><a href=\"http:\/\/www.bnrm.md\/wp-content\/uploads\/2014\/05\/Bibliotecile-publice-Situatii-statistice-2005-2008.pdf\">Bibliotecile publice din Republica Moldova. Situa\u0163ii statistice 2005-2008<\/a> <a href=\"http:\/\/www.bnrm.md\/wp-content\/uploads\/2014\/05\/Bibliotecile_publice_Situatii_statistice_2003-2004.pdf\"><br \/><\/a><a href=\"http:\/\/www.bnrm.md\/wp-content\/uploads\/2014\/05\/Bibliotecile-publice-2005-2008-Anexa-1.pdf\">Anexa 1<br \/><\/a><a href=\"http:\/\/www.bnrm.md\/wp-content\/uploads\/2014\/05\/Bibliotecile-publice-2005-2008-Anexa-2.pdf\">Anexa 2<br \/><\/a><a href=\"http:\/\/www.bnrm.md\/wp-content\/uploads\/2014\/05\/Bibliotecile-publice-2005-2008-Anexa-3.pdf\">Anexa 3<br \/><\/a><a href=\"http:\/\/www.bnrm.md\/wp-content\/uploads\/2014\/05\/Bibliotecile-publice-2005-2008-Anexa-4.pdf\">Anexa 4<br \/><\/a><a href=\"http:\/\/www.bnrm.md\/wp-content\/uploads\/2014\/05\/Bibliotecile-publice-2005-2008-Anexa-5.pdf\">Anexa 5<br \/><\/a><a href=\"http:\/\/www.bnrm.md\/wp-content\/uploads\/2014\/05\/Bibliotecile-publice-2005-2008-Anexa-6.pdf\">Anexa 6<br \/><\/a><a href=\"http:\/\/www.bnrm.md\/wp-content\/uploads\/2014\/05\/Bibliotecile-publice-2005-2008-Anexa-7.pdf\">Anexa 7<br \/><\/a><a href=\"http:\/\/www.bnrm.md\/wp-content\/uploads\/2014\/05\/Bibliotecile-publice-2005-2008-Anexa-8.pdf\">Anexa 8<\/a><\/p>\n<p>&nbsp;<\/p>\n<p><a href=\"http:\/\/www.bnrm.md\/wp-content\/uploads\/2014\/05\/Bibliotecile_publice_Situatii_statistice_2003-2004.pdf\">Bibliotecile publice din Republica Moldova. Situa\u0163ii statistice 2003-2004<br \/><\/a><a href=\"http:\/\/www.bnrm.md\/wp-content\/uploads\/2014\/05\/Bibliotecile_publice_Anexa_1.pdf\">Anexa 1<br \/><\/a><a href=\"http:\/\/www.bnrm.md\/wp-content\/uploads\/2014\/05\/Bibliotecile_publice_Anexa_2.pdf\">Anexa 2<br \/><\/a><a href=\"http:\/\/www.bnrm.md\/wp-content\/uploads\/2014\/05\/Bibliotecile_publice_Anexa_3.pdf\">Anexa 3<br \/><\/a><a href=\"http:\/\/www.bnrm.md\/wp-content\/uploads\/2014\/05\/Bibliotecile_publice_Anexa_4.pdf\">Anexa 4<br \/><\/a><a href=\"http:\/\/www.bnrm.md\/wp-content\/uploads\/2014\/05\/Bibliotecile_publice_Anexa_5.pdf\">Anexa 5<br \/><\/a><a href=\"http:\/\/www.bnrm.md\/wp-content\/uploads\/2014\/05\/Bibliotecile_publice_Anexa_6.pdf\">Anexa 6<br \/><\/a><a href=\"http:\/\/www.bnrm.md\/wp-content\/uploads\/2014\/05\/Bibliotecile_publice_Anexa_7.pdf\">Anexa 7<br \/><\/a><a href=\"http:\/\/www.bnrm.md\/wp-content\/uploads\/2014\/05\/Bibliotecile_publice_Anexa_8.pdf\">Anexa 8<\/a><\/p>\n","protected":false},"excerpt":{"rendered":"<p>Bibliotecile Publice Teritoriale din Republica Moldova.Indicatori statistici \u0219i de performan\u021b\u0103 &nbsp; Bibliotecile Publice Teritoriale din Republica Moldova. Indicatori statistici \u0219i de performan\u021b\u0103 2015-2016Anexe &nbsp; Bibliotecile publice din Republica Moldova. Situa\u0163ii statistice 2013-2014Anexe &nbsp; Bibliotecile publice din Republica Moldova. Situa\u0163ii statistice 2011-2012Anexe &nbsp; Bibliotecile publice din Republica Moldova. Situa\u0163ii statistice 2009-2010Anexe &nbsp; Bibliotecile publice din Republica&#8230;<\/p>\n","protected":false},"author":1,"featured_media":0,"parent":0,"menu_order":1,"comment_status":"closed","ping_status":"closed","template":"","meta":{"_bst_post_transparent":"","_bst_post_title":"","_bst_post_layout":"","_bst_post_sidebar_id":"","_bst_post_content_style":"","_bst_post_vertical_padding":"","_bst_post_feature":"","_bst_post_feature_position":"","_bst_post_header":false,"_bst_post_footer":false,"footnotes":""},"class_list":["post-3471","page","type-page","status-publish","hentry"],"_links":{"self":[{"href":"https:\/\/www.bnrm.md\/index.php?rest_route=\/wp\/v2\/pages\/3471","targetHints":{"allow":["GET"]}}],"collection":[{"href":"https:\/\/www.bnrm.md\/index.php?rest_route=\/wp\/v2\/pages"}],"about":[{"href":"https:\/\/www.bnrm.md\/index.php?rest_route=\/wp\/v2\/types\/page"}],"author":[{"embeddable":true,"href":"https:\/\/www.bnrm.md\/index.php?rest_route=\/wp\/v2\/users\/1"}],"replies":[{"embeddable":true,"href":"https:\/\/www.bnrm.md\/index.php?rest_route=%2Fwp%2Fv2%2Fcomments&post=3471"}],"version-history":[{"count":0,"href":"https:\/\/www.bnrm.md\/index.php?rest_route=\/wp\/v2\/pages\/3471\/revisions"}],"wp:attachment":[{"href":"https:\/\/www.bnrm.md\/index.php?rest_route=%2Fwp%2Fv2%2Fmedia&parent=3471"}],"curies":[{"name":"wp","href":"https:\/\/api.w.org\/{rel}","templated":true}]}}