{"id":3475,"date":"2014-06-01T00:59:50","date_gmt":"2014-05-31T21:59:50","guid":{"rendered":"http:\/\/localhost\/wp\/editii-promotionale\/"},"modified":"2026-03-31T13:53:39","modified_gmt":"2026-03-31T11:53:39","slug":"editii-promotionale","status":"publish","type":"page","link":"https:\/\/www.bnrm.md\/?page_id=3475","title":{"rendered":"Edi\u0163ii promo\u0163ionale"},"content":{"rendered":"<h1 style=\"text-align: center;\">Edi\u0163ii promo\u0163ionale<\/h1>\n<ul>\n<li><a href=\"http:\/\/www.bnrm.md\/wp-content\/uploads\/2014\/06\/catalog 30 ani CE.pdf\">Catalogul expozi\u021biei: 30 DE ANI \u00ceN CONSILIUL EUROPEI: CONSOLID\u0102M DREPTURILE OMULUI, DEMOCRA\u021aIA \u0218I STATUL DE DREPT<\/a><\/li>\n<li><a href=\"http:\/\/www.bnrm.md\/wp-content\/uploads\/2014\/06\/Comori_bibliofile.pdf\">Catalogul expozi\u021biei COMORI BIBLIOFILE DIN PATRIMONIUL BIBLIOTECII NA\u021aIONALE<\/a><\/li>\n<li><a href=\"http:\/\/www.bnrm.md\/wp-content\/uploads\/2014\/06\/CatalogExpozitie_MihaiEminescu-Vocea-romanitatii.pdf\">Catalogul expozi\u021biei MIHAI EMINESCU &#8211; POETUL \u0218I VOCEA ROM\u00c2NIT\u0102\u021aII<\/a><\/li>\n<li><a href=\"http:\/\/www.bnrm.md\/wp-content\/uploads\/2014\/06\/Ion-Luca-Caragiale-.un-om-cat-o-lume.-Catalogul-expozitiei.pdf\">Catalogul expozi\u021biei ION LUCA CARAGIALE &#8211; \u201e&#8230;UN OM C\u00c2T O LUME\u201d<\/a><\/li>\n<li><a href=\"http:\/\/www.bnrm.md\/wp-content\/uploads\/2014\/06\/Catalog_expozitiePatrimoniul.pdf\">Catalogul expozi\u021biei PATRIMONIUL CULTURAL AL REPUBLICII MOLDOVA \u2013 PARTE INTEGRANT\u0102 A MO\u0218TENIRII CULTURALE EUROPENE<\/a><\/li>\n<li><a href=\"http:\/\/www.bnrm.md\/wp-content\/uploads\/2014\/06\/Catalog_expozitie_PoetiiRenasterii.pdf\">Catalogul expozi\u021biei POE\u021aII RENA\u0218TERII NA\u021aIONALE: ION HAD\u00c2RC\u0102 \u2013 75 DE ANI DE LA NA\u0218TERE ANDREI STR\u00c2MBEANU \u2013 90 DE ANI DE LA NA\u0218TERE<\/a><\/li>\n<li><a href=\"http:\/\/www.bnrm.md\/wp-content\/uploads\/2014\/06\/catalog-Spiridon-Vangheli.pdf\">Catalogul expozi\u021biei\u00a0 &#8222;SPIRIDON VANGHELI \u2013 SCRIITORUL DIN COLIBA ALBASTR\u0102 A COPIL\u0102RIEI&#8221;<\/a><\/li>\n<li><a href=\"http:\/\/www.bnrm.md\/wp-content\/uploads\/2014\/06\/catalog_salonBookfest-2022.pdf\">Catalogul Salonului Interna\u021bional de Carte Bookfest 2022<\/a><\/li>\n<li><a href=\"http:\/\/www.moldavica.bnrm.md\/biblielmo?e=d-01000-00---off-0carti--00-1----0-10-0---0---0direct-10---4-------0-1l--11-ro-50---20-about---00-3-1-00-0-0-11-1-0utfZz-8-00&amp;a=d&amp;c=carti&amp;cl=CL1.1&amp;d=JC12\">Din comorile BNRM: edi\u0163ie ilustrat\u0103 consacrat\u0103 c\u0103r\u0163ii vechi \u015fi rare din fondurile bibliotecii<\/a><\/li>\n<li><a href=\"http:\/\/bnrm.md\/\/\/\/\/\/?page_id=4180\">Gala Laurea\u0163ilor Premiilor Na\u0163ionale GALEX<\/a><\/li>\n<li><a href=\"http:\/\/www.bnrm.md\/wp-content\/uploads\/2014\/05\/O_retrospectiva_a_editiilor_SIC.pdf\">O retrospectiv\u0103 a edi\u0163iilor Salonului Interna\u0163ional de Carte<\/a><\/li>\n<li><a href=\"http:\/\/www.bnrm.md\/wp-content\/uploads\/2014\/06\/Program-catalog-Valori-bibliofile-2022.pdf\">Program-catalog Simpozionul \u0218tiin\u021bific Interna\u021bional \u201dValori Bibliofile\u201d<\/a><\/li>\n<li><a href=\"http:\/\/www.bnrm.md\/wp-content\/uploads\/2014\/06\/Program-Ateneu.pdf\">Programul SIMPOZIONULUI NA\u021aIONAL ATENEULUI DE CULTUR\u0102 \u0218I CREDIN\u021a\u0102 \u201dBISERICA ALB\u0102\u201d, EDI\u021aIA A 3-A, 2022<\/a><\/li>\n<li><a href=\"http:\/\/www.bnrm.md\/wp-content\/uploads\/2014\/06\/semne-pe-carte-CATALOG.pdf\">Semne pe carte : \u00censemn\u0103ri ale cititorilor \u0219i \u0219tampile ale bibliotecilor institu\u0163iilor de \u00eenv\u0103\u0163\u0103m\u00e2nt \u0219i ale libr\u0103riilor private din Chi\u0219in\u0103u pe publica\u0163iile p\u0103strate \u00een colec\u0163iile Bibliotecii Na\u0163ionale a Republicii Moldova (sf\u00e2r\u0219itul sec. XIX &#8211; \u00eenceputul sec. XX) : Catalog<\/a><\/li>\n<\/ul>\n","protected":false},"excerpt":{"rendered":"<p>Edi\u0163ii promo\u0163ionale Catalogul expozi\u021biei: 30 DE ANI \u00ceN CONSILIUL EUROPEI: CONSOLID\u0102M DREPTURILE OMULUI, DEMOCRA\u021aIA \u0218I STATUL DE DREPT Catalogul expozi\u021biei COMORI BIBLIOFILE DIN PATRIMONIUL BIBLIOTECII NA\u021aIONALE Catalogul expozi\u021biei MIHAI EMINESCU &#8211; POETUL \u0218I VOCEA ROM\u00c2NIT\u0102\u021aII Catalogul expozi\u021biei ION LUCA CARAGIALE &#8211; \u201e&#8230;UN OM C\u00c2T O LUME\u201d Catalogul expozi\u021biei PATRIMONIUL CULTURAL AL REPUBLICII MOLDOVA \u2013 PARTE&#8230;<\/p>\n","protected":false},"author":1,"featured_media":0,"parent":0,"menu_order":6,"comment_status":"closed","ping_status":"closed","template":"","meta":{"_bst_post_transparent":"","_bst_post_title":"","_bst_post_layout":"","_bst_post_sidebar_id":"","_bst_post_content_style":"","_bst_post_vertical_padding":"","_bst_post_feature":"","_bst_post_feature_position":"","_bst_post_header":false,"_bst_post_footer":false,"footnotes":""},"class_list":["post-3475","page","type-page","status-publish","hentry"],"_links":{"self":[{"href":"https:\/\/www.bnrm.md\/index.php?rest_route=\/wp\/v2\/pages\/3475","targetHints":{"allow":["GET"]}}],"collection":[{"href":"https:\/\/www.bnrm.md\/index.php?rest_route=\/wp\/v2\/pages"}],"about":[{"href":"https:\/\/www.bnrm.md\/index.php?rest_route=\/wp\/v2\/types\/page"}],"author":[{"embeddable":true,"href":"https:\/\/www.bnrm.md\/index.php?rest_route=\/wp\/v2\/users\/1"}],"replies":[{"embeddable":true,"href":"https:\/\/www.bnrm.md\/index.php?rest_route=%2Fwp%2Fv2%2Fcomments&post=3475"}],"version-history":[{"count":2,"href":"https:\/\/www.bnrm.md\/index.php?rest_route=\/wp\/v2\/pages\/3475\/revisions"}],"predecessor-version":[{"id":6597,"href":"https:\/\/www.bnrm.md\/index.php?rest_route=\/wp\/v2\/pages\/3475\/revisions\/6597"}],"wp:attachment":[{"href":"https:\/\/www.bnrm.md\/index.php?rest_route=%2Fwp%2Fv2%2Fmedia&parent=3475"}],"curies":[{"name":"wp","href":"https:\/\/api.w.org\/{rel}","templated":true}]}}