{"id":4022,"date":"2014-07-24T10:10:07","date_gmt":"2014-07-24T07:10:07","guid":{"rendered":"http:\/\/localhost\/wp\/lista-de-contacte\/"},"modified":"2026-04-01T08:14:42","modified_gmt":"2026-04-01T06:14:42","slug":"lista-de-contacte","status":"publish","type":"page","link":"https:\/\/www.bnrm.md\/?page_id=4022","title":{"rendered":"Lista de contacte"},"content":{"rendered":"<h1 style=\"text-align: center;\">Contacte<\/h1>\n<p><a href=\"\/wp\/#conducerea\">Conducerea<\/a><br \/>\n<a href=\"\/wp\/#generale\">Informa\u0163ii generale<\/a><br \/>\n<a href=\"\/wp\/#compartimente\">Direc\u021bii<\/a><\/p>\n<table style=\"margin-right: auto; margin-left: auto;\">\n<tbody>\n<tr>\n<td style=\"vertical-align: middle; padding-bottom: 20px;\" colspan=\"2\">\n<h3 id=\"conducerea\" style=\"text-align: center;\">Conducerea<\/h3>\n<\/td>\n<\/tr>\n<tr>\n<td style=\"vertical-align: top; padding-bottom: 10px; padding-right: 40px;\"><strong><span style=\"color: #800080;\">Elena Pintilei<\/span><\/strong><br \/>\nDirector general<br \/>\nTel.: (+373) 22 24 04 93<br \/>\nE-mail:\u00a0<a href=\"mailto:elena.pintilei@bnrm.md\">elena.pintilei@bnrm.md<\/a><\/td>\n<td style=\"vertical-align: top; padding-bottom: 10px; padding-right: 20px;\"><strong><span style=\"color: #800080;\">Cancelarie<\/span><\/strong><br \/>\nTel.\/fax: (+373) 22 22 14 75<br \/>\nE-mail:\u00a0<a href=\"mailto:biblioteca@bnrm.md\">biblioteca@bnrm.md<\/a><\/td>\n<\/tr>\n<tr>\n<td style=\"vertical-align: top; padding-bottom: 10px; padding-right: 40px;\"><span style=\"color: #800080;\"><strong>Aliona Tostogan<\/strong><\/span><br \/>\nDirector adjunct<br \/>\nDirec\u0163ia <em>R<\/em><em>ela\u021bii cu publicul<\/em>Tel.: (+373) 22 24 04 18<br \/>\nE-mail:\u00a0<a href=\"mailto:a.tostogan@bnrm.md\">a.tostogan@bnrm.md<\/a><\/td>\n<td style=\"vertical-align: top; padding-bottom: 10px; padding-right: 20px;\"><span style=\"color: #800080;\"><strong>Aliona Muntean<\/strong><\/span><br \/>\nDirector adjunct<br \/>\nDirec\u0163ia <em>Resurse informa\u021bionale<\/em>Tel.: (+373) 22 24 04 18<br \/>\nE-mail:\u00a0<a href=\"mailto:aliona.muntean@bnrm.md\">aliona.muntean@bnrm.md<\/a><\/td>\n<\/tr>\n<tr>\n<td style=\"vertical-align: top; padding-bottom: 10px; padding-right: 40px;\"><span style=\"color: #800080;\"><strong>Veronica Bor\u0219<\/strong><\/span><br \/>\nDirector adjunct<br \/>\nDirec\u0163ia <em>Comunicare \u0219i<\/em><em>Tehnologia informa\u0163iei<\/em><br \/>\nTel.: (+373) 22 22 37 07<br \/>\nE-mail:\u00a0<a href=\"mailto:vbors@bnrm.md\">vbors@bnrm.md<\/a><\/td>\n<td style=\"vertical-align: top; padding-bottom: 10px; padding-right: 20px;\"><span style=\"color: #800080;\"><strong>Vera Osoianu<\/strong><\/span><br \/>\nDirector adjunct<br \/>\nDirec\u0163ia\u00a0<em>Cercetare<br \/>\n<\/em><em>\u015fi dezvoltare \u00een Biblioteconomie \u0219i<br \/>\n<\/em><em>\u0218tiin\u021ba inform\u0103rii<\/em>Tel.: (+373) 22 24 04 43<br \/>\nE-mail:\u00a0<a href=\"mailto:vera.osoianu@bnrm.md\">vera.osoianu@bnrm.md<\/a><\/td>\n<\/tr>\n<tr>\n<td style=\"vertical-align: top; padding-bottom: 10px; padding-right: 40px; margin-right: auto; margin-left: auto;\" colspan=\"2\"><span style=\"color: #800080;\"><strong>Martea Vasile<\/strong><\/span>Director adjunct<br \/>\nDirec\u0163ia <em>Infrastructur\u0103<\/em><br \/>\nTel.: (+373) 22 24 04 72<br \/>\nE-mail:\u00a0<a href=\"mailto:biblioteca@bnrm.md\">biblioteca@bnrm.md<\/a><\/td>\n<\/tr>\n<\/tbody>\n<\/table>\n<h3 id=\"generale\" style=\"text-align: center;\">Informa\u0163ii generale<\/h3>\n<p style=\"text-align: center;\">Tel. : (+373) 22 22 51 11<br \/>\nE-mail: <a href=\"mailto:bibasist@bnrm.md\">bibasist@bnrm.md<br \/>\n<\/a><\/p>\n<table style=\"margin-right: auto; margin-left: auto; border-collapse: collapse;\">\n<tbody>\n<tr>\n<td style=\"padding-bottom: 20px; text-align: center;\" colspan=\"3\">\n<h3 id=\"compartimente\">Direc\u021bii<\/h3>\n<\/td>\n<\/tr>\n<tr>\n<td style=\"padding: 5px 10px; border: 1px solid #000000; text-align: center; background-color: #237dd3;\"><span style=\"color: #ffffff;\"><strong>Denumire<\/strong><\/span><\/td>\n<td style=\"padding: 5px 10px; border: 1px solid #000000; text-align: center; background-color: #237dd3;\"><span style=\"color: #ffffff;\"><strong>Telefon<\/strong><\/span><\/td>\n<td style=\"padding: 5px 10px; border: 1px solid #000000; text-align: center; background-color: #237dd3;\"><span style=\"color: #ffffff;\"><strong>E-mail<\/strong><\/span><\/td>\n<\/tr>\n<tr>\n<td style=\"padding: 5px 10px; border: 1px solid #000000; text-align: center;\" colspan=\"3\"><strong><span style=\"color: #993366;\">Direc\u0163ia general\u0103<\/span><\/strong><\/td>\n<\/tr>\n<tr>\n<td style=\"padding: 5px 10px; border: 1px solid #000000;\"><strong>Cancelaria<\/strong><\/td>\n<td style=\"padding: 5px 10px;\">\u00a0 \u00a0 \u00a0 \u00a0 \u00a0 \u00a0Tel.\/fax:<br \/>\n(+373) 22 22 14 75<\/td>\n<td style=\"padding: 5px 10px; border: 1px solid #000000;\"><a href=\"mailto:biblioteca@bnrm.md\">biblioteca@bnrm.md<\/a><\/td>\n<\/tr>\n<tr>\n<td style=\"padding: 5px 10px; border: 1px solid #000000;\"><strong>Serviciul financiar. Contabilitate<\/strong><br \/>\nContabil \u015fef: Galina Malic<\/td>\n<td style=\"padding: 5px 10px; border: 1px solid #000000;\">(+373) 22\u00a022 91 34<\/td>\n<td style=\"padding: 5px 10px; border: 1px solid #000000;\"><a href=\"mailto:contabilitate@bnrm.md\">contabilitate@bnrm.md<\/a><\/td>\n<\/tr>\n<tr>\n<td style=\"padding: 5px 10px; border: 1px solid #000000;\"><strong>Resurse umane<\/strong><br \/>\n\u015eef sec\u021bie:\u00a0Lilia Cara<\/td>\n<td style=\"padding: 5px 10px; border: 1px solid #000000;\">(+373) 22\u00a024 05 07<\/td>\n<td style=\"padding: 5px 10px; border: 1px solid #000000;\"><a href=\"mailto:cadre@bnrm.md\">cadre@bnrm.md<\/a><\/td>\n<\/tr>\n<tr>\n<td style=\"padding: 5px 10px; border: 1px solid #000000;\"><strong>Rela\u021bii interna\u021bionale \u0219i suport managerial<\/strong><br \/>\n\u015eef <span style=\"font-family: Verdana, Arial, Helvetica, sans-serif; font-size: 11px;\">sec\u021bie<\/span>: Lilia Povestca<\/td>\n<td style=\"padding: 5px 10px; border: 1px solid #000000;\">(+373) 22\u00a024 18 30<\/td>\n<td style=\"padding: 5px 10px; border: 1px solid #000000;\"><a href=\"mailto:lpovestca@bnrm.md\">lpovestca@bnrm.md<\/a><\/td>\n<\/tr>\n<tr>\n<td style=\"padding: 5px 10px; border: 1px solid #000000;\"><strong>Managementul proiectelor<\/strong><br \/>\n\u015eef <span style=\"font-family: Verdana, Arial, Helvetica, sans-serif; font-size: 11px;\">sec\u021bie<\/span>: Victoria Vasilica<\/td>\n<td style=\"padding: 5px 10px; border: 1px solid #000000;\">(+373) 22 24 02 32<\/td>\n<td style=\"padding: 5px 10px; border: 1px solid #000000;\"><a href=\"mailto:vasilica@bnrm.md\">vasilica@bnrm.md<\/a><\/td>\n<\/tr>\n<tr>\n<td style=\"padding: 5px 10px; border: 1px solid #000000; text-align: center;\" colspan=\"3\"><span style=\"color: #993366;\"><strong>Direc\u0163ia Rela\u021bii cu publicul\u00a0<\/strong><\/span><br \/>\nTel.: (+373) 22 24 04 18<br \/>\nE-mail:\u00a0<a href=\"mailto:a.tostogan@bnrm.md\">a.tostogan@bnrm.md<\/a><\/td>\n<\/tr>\n<tr>\n<td style=\"padding: 5px 10px; border: 1px solid #000000;\"><strong>Acces general<\/strong><br \/>\n\u0218ef sec\u021bie: Ludmila Br\u00e2nza<\/td>\n<td style=\"padding: 5px 10px; border: 1px solid #000000;\">(+373) 22 22 40 71<\/td>\n<td style=\"padding: 5px 10px; border: 1px solid #000000;\"><a href=\"mailto:acces@bnrm.md\">\u00a0acces@bnrm.md<\/a><\/td>\n<\/tr>\n<tr>\n<td style=\"padding: 5px 10px; border: 1px solid #000000;\"><strong>Lectura public\u0103 <\/strong><br \/>\n\u015eef sec\u021bie: Tatiana Gheiceanu<\/td>\n<td style=\"padding: 5px 10px; border: 1px solid #000000;\">(+373) 22\u00a024 05 46<\/td>\n<td style=\"padding: 5px 10px; border: 1px solid #000000;\"><a href=\"mailto:lectura@bnrm.md\">lectura@bnrm.md<\/a><\/td>\n<\/tr>\n<tr>\n<td style=\"padding: 5px 10px; border: 1px solid #000000;\"><strong>Publica\u0163ii seriale<\/strong><br \/>\n\u015eef sec\u021bie: Prijelevschii Irina<\/td>\n<td style=\"padding: 5px 10px; border: 1px solid #000000;\">(+373) 22\u00a024 04 45<\/td>\n<td style=\"padding: 5px 10px; border: 1px solid #000000;\"><a href=\"mailto:seriale@bnrm.md\">seriale@bnrm.md<\/a><\/td>\n<\/tr>\n<tr>\n<td style=\"padding: 5px 10px; border: 1px solid #000000;\"><strong>Carte veche \u015fi rar\u0103<\/strong><br \/>\n\u015eef sec\u021bie: Veronica Cosovan<\/td>\n<td style=\"padding: 5px 10px; border: 1px solid #000000;\">(+373) 22\u00a024 25 35<\/td>\n<td style=\"padding: 5px 10px; border: 1px solid #000000;\"><a href=\"mailto:carte_rara@bnrm.md\">carte_rara@bnrm.md<\/a><\/td>\n<\/tr>\n<tr>\n<td style=\"padding: 5px 10px; border: 1px solid #000000;\"><strong>Colec\u0163ia de Arte \u015fi H\u0103r\u0163i<\/strong><br \/>\n\u015eef sec\u021bie: Rodica Baleanu<\/td>\n<td style=\"padding: 5px 10px; border: 1px solid #000000;\">(+373) 22\u00a024 04 21<\/td>\n<td style=\"padding: 5px 10px; border: 1px solid #000000;\"><a href=\"mailto:arta@bnrm.md\">arta@bnrm.md<\/a><\/td>\n<\/tr>\n<tr>\n<td style=\"padding: 5px 10px; border: 1px solid #000000;\"><strong>Audiovideoteca<\/strong><br \/>\n\u015eef sec\u021bie: Victoria Stanchevici<\/td>\n<td style=\"padding: 5px 10px; border: 1px solid #000000;\">(+373) 22\u00a024 41 87<\/td>\n<td style=\"padding: 5px 10px; border: 1px solid #000000;\"><a href=\"mailto:audiovideo@bnrm.md\">audiovideo@bnrm.md<\/a><\/td>\n<\/tr>\n<tr>\n<td style=\"padding: 5px 10px; border: 1px solid #000000;\"><strong>Literaturile lumii<\/strong><br \/>\n\u015eef sec\u021bie: Elina Bolgarina<\/td>\n<td style=\"padding: 5px 10px; border: 1px solid #000000;\">(+373) 22\u00a022 53 59<\/td>\n<td style=\"padding: 5px 10px; border: 1px solid #000000;\"><a href=\"mailto:litera@bnrm.md\">litera@bnrm.md<\/a><\/td>\n<\/tr>\n<tr>\n<td style=\"padding: 5px 10px; border: 1px solid #000000;\"><b>Asisten\u0163\u0103 informa\u021bional\u0103<\/b><br \/>\n\u015eef sec\u021bie: Valentina Popu\u0219oi<\/td>\n<td style=\"padding: 5px 10px; border: 1px solid #000000;\">(+373) 22\u00a022 51 11<\/td>\n<td style=\"padding: 5px 10px; border: 1px solid #000000;\"><a href=\"mailto:bibasist@bnrm.md\">bibasist@bnrm.md<\/a><\/td>\n<\/tr>\n<tr>\n<td style=\"padding: 5px 10px; border: 1px solid #000000;\"><b>\u0421entrul Pro-European de Servicii \u0219i Comunicare<\/b><br \/>\n\u015eef sec\u021bie: Natalia Gulco<\/td>\n<td style=\"padding: 5px 10px; border: 1px solid #000000;\">(+373) 22 24 10 96<\/td>\n<td style=\"padding: 5px 10px; border: 1px solid #000000;\"><a href=\"mailto:cpesc@bnrm.md\">cpesc@bnrm.md<\/a><\/td>\n<\/tr>\n<tr>\n<td style=\"padding: 5px 10px; border: 1px solid #000000; text-align: center;\" colspan=\"3\"><span style=\"color: #993366;\"><strong>Direc\u0163ia Resurse informa\u021bionale<\/strong><\/span><br \/>\nTel.: (+373) 22 24 04 18<br \/>\nE-mail:\u00a0<a href=\"mailto:aliona.muntean@bnrm.md\">aliona.muntean@bnrm.md<\/a><\/td>\n<\/tr>\n<tr>\n<td style=\"padding: 5px 10px; border: 1px solid #000000;\"><strong>Dezvoltarea \u0219i eviden\u021ba colec\u0163iilor<\/strong><br \/>\n\u015eef sec\u021bie: Lilia Ro\u0219ioru<\/td>\n<td style=\"padding: 5px 10px; border: 1px solid #000000;\">(+373) 22\u00a022 26 95<\/td>\n<td style=\"padding: 5px 10px; border: 1px solid #000000;\"><a href=\"mailto:completare@bnrm.md\">completare@bnrm.md<\/a><\/td>\n<\/tr>\n<tr>\n<td style=\"padding: 5px 10px; border: 1px solid #000000;\"><strong>Organizarea \u0219i conservarea colec\u0163iilor<\/strong><br \/>\n\u015eef sec\u021bie: Ala Cozac<\/td>\n<td style=\"padding: 5px 10px; border: 1px solid #000000;\">(+373) 22 24 05 96<\/td>\n<td style=\"padding: 5px 10px; border: 1px solid #000000;\"><a href=\"mailto:cozac@bnrm.md\">cozac@bnrm.md<\/a><\/td>\n<\/tr>\n<tr>\n<td style=\"padding: 5px 10px; border: 1px solid #000000;\"><strong>Rezerva Na\u021bional\u0103 de Carte<\/strong><br \/>\n\u015eef sec\u021bie: Olga Ela\u0219co<\/td>\n<td style=\"padding: 5px 10px; border: 1px solid #000000;\">(+373) 22 22 61 35<\/td>\n<td style=\"padding: 5px 10px; border: 1px solid #000000;\"><a href=\"mailto:rezerva@bnrm.md\">rezerva@bnrm.md<\/a><\/td>\n<\/tr>\n<tr>\n<td style=\"padding: 5px 10px; border: 1px solid #000000;\"><strong>Catalogare \u015fi indexare<\/strong><br \/>\n\u015eef sec\u021bie:\u00a0Liliana Clima<\/td>\n<td style=\"padding: 5px 10px; border: 1px solid #000000;\">(+373) 22\u00a024 04 53<\/td>\n<td style=\"padding: 5px 10px; border: 1px solid #000000;\"><a href=\"mailto:catalogare@bnrm.md\">catalogare@bnrm.md<\/a><\/td>\n<\/tr>\n<tr>\n<td style=\"padding: 5px 10px; border: 1px solid #000000;\"><strong>Centrul tehnic de conservare<br \/>\n\u015fi restaurare a documentelor<br \/>\n<\/strong>\u015eef centru: Valentina Granaci<strong><br \/>\n<\/strong><\/td>\n<td style=\"padding: 5px 10px; border: 1px solid #000000;\">(+373) 22 23 80 04<\/td>\n<td style=\"padding: 5px 10px; border: 1px solid #000000;\"><a href=\"mailto:restaurare@bnrm.md\">restaurare@bnrm.md<\/a><\/td>\n<\/tr>\n<tr>\n<td style=\"padding: 5px 10px; border: 1px solid #000000;\"><strong>Centrul Na\u021bional de Digitalizare<br \/>\n<\/strong>\u015eef sec\u021bie: Gaideu Doina<strong><br \/>\n<\/strong><\/td>\n<td style=\"padding: 5px 10px; border: 1px solid #000000;\">(+373) 22 24 37 47<\/td>\n<td style=\"padding: 5px 10px; border: 1px solid #000000;\"><a href=\"mailto:moldavica@bnrm.md\">moldavica@bnrm.md<\/a><\/td>\n<\/tr>\n<tr>\n<td style=\"padding: 5px 10px; border: 1px solid #000000; text-align: center;\" colspan=\"3\"><span style=\"text-align: center; color: #993366;\"><strong>Direc\u0163ia Comunicare \u0219i tehnologia informa\u0163iei<\/strong><\/span><br style=\"text-align: center;\" \/><span style=\"text-align: center;\">Tel.: (+373) 22 22 37 07<br \/>\nE-mail:\u00a0<a href=\"mailto:vbors@bnrm.md\">vbors@bnrm.md<\/a><\/span><span style=\"color: #993366;\"><strong><br \/>\n<\/strong><\/span><\/td>\n<\/tr>\n<tr>\n<td style=\"padding: 5px 10px; border: 1px solid #000000;\"><strong>Tehnici informa\u021bionale<\/strong><br \/>\n\u015eef sec\u021bie: Sergiu Ela\u015fco<strong><br \/>\n<\/strong><\/td>\n<td style=\"padding: 5px 10px; border: 1px solid #000000;\">(+373) 22 23 48 92<\/td>\n<td style=\"padding: 5px 10px; border: 1px solid #000000;\"><a href=\"mailto:automatizare@bnrm.md\">automatizare@bnrm.md<\/a><\/td>\n<\/tr>\n<tr>\n<td style=\"padding: 5px 10px; border: 1px solid #000000;\"><strong>Cercetare bibliografic\u0103<\/strong><br \/>\n\u015eef sec\u021bie: Elena Balinschi<strong><br \/>\n<\/strong><\/td>\n<td style=\"padding: 5px 10px; border: 1px solid #000000;\">(+373) 22 24 20 45<\/td>\n<td style=\"padding: 5px 10px; border: 1px solid #000000;\"><a href=\"mailto:bibnat@bnrm.md\">bibnat@bnrm.md<\/a><\/td>\n<\/tr>\n<tr>\n<td style=\"padding: 5px 10px; border: 1px solid #000000;\"><strong>Marketing \u0219i comunicare sociocultural\u0103<\/strong><br \/>\n\u015eef sec\u021bie: Ana Plamadeala<strong><br \/>\n<\/strong><\/td>\n<td style=\"padding: 5px 10px; border: 1px solid #000000;\">(+373) 22\u00a024 05 51<\/td>\n<td style=\"padding: 5px 10px; border: 1px solid #000000;\"><a href=\"mailto:marketing@bnrm.md\">marketing@bnrm.md<\/a><\/td>\n<\/tr>\n<tr>\n<td style=\"padding: 5px 10px; border: 1px solid #000000;\"><strong>Centrul editorial-poligrafic<\/strong><br \/>\n\u015eef sec\u021bie: Jana Badan<strong><br \/>\n<\/strong><\/td>\n<td style=\"padding: 5px 10px; border: 1px solid #000000;\">(+373) 22 23 80 11<\/td>\n<td style=\"padding: 5px 10px; border: 1px solid #000000;\"><a href=\"mailto:editura@bnrm.md\">editura@bnrm.md<\/a><\/td>\n<\/tr>\n<tr>\n<td style=\"padding: 5px 10px; border: 1px solid #000000;\"><strong>Revista social-cultural\u0103 \u201eMoldova\u201d <\/strong><br \/>\nRedactor \u0219ef: Liliana P\u0103pu\u0219oi<\/td>\n<td style=\"padding: 5px 10px; border: 1px solid #000000;\">\u00a0\u00a0\u00a0\u00a0\u00a0\u00a0\u00a0\u00a0\u00a0\u00a0 &#8211;<\/td>\n<td style=\"padding: 5px 10px; border: 1px solid #000000;\"><\/td>\n<\/tr>\n<tr>\n<td style=\"padding: 5px 10px; border: 1px solid #000000; text-align: center;\" colspan=\"3\"><span style=\"color: #993366;\"><strong>Direc\u0163ia Cercetare \u015fi dezvoltare \u00een biblioteconomie \u0219i \u0218tiin\u021ba Inform\u0103rii<\/strong><\/span><br \/>\nTel.: (+373) 22 24 04 43<br \/>\nE-mail:\u00a0<a href=\"mailto:vera.osoianu@bnrm.md\">vera.osoianu@bnrm.md<\/a><\/td>\n<\/tr>\n<tr>\n<td style=\"padding: 5px 10px; border: 1px solid #000000;\"><strong>Dezvoltare \u00een biblioteconomie<br \/>\n\u0219i \u0218tiin\u021ba Inform\u0103rii<\/strong><br \/>\n\u015eef sec\u021bie: Ecaterina Dmitric<strong><br \/>\n<\/strong><\/td>\n<td style=\"padding: 5px 10px; border: 1px solid #000000;\">(+373) 22 24 00 70<\/td>\n<td style=\"padding: 5px 10px; border: 1px solid #000000;\"><a href=\"mailto:dbiblio@bnrm.md\">dbiblio@bnrm.md<\/a><\/td>\n<\/tr>\n<tr>\n<td style=\"padding: 5px 10px; border: 1px solid #000000;\"><strong>Studii \u015fi cercet\u0103ri<\/strong><br \/>\n\u015eef sec\u021bie: Angela Dr\u0103g\u0103nel<strong><br \/>\n<\/strong><\/td>\n<td style=\"padding: 5px 10px; border: 1px solid #000000;\">(+373) 22\u00a024 00 70<\/td>\n<td style=\"padding: 5px 10px; border: 1px solid #000000;\"><a href=\"mailto:adraganel@bnrm.md\">adraganel@bnrm.md<\/a><\/td>\n<\/tr>\n<tr>\n<td style=\"padding: 5px 10px; border: 1px solid #000000;\"><strong>Centrul de Statistic\u0103<\/strong><br \/>\n\u015eef sec\u021bie: Olesea Oxiom<strong><br \/>\n<\/strong><\/td>\n<td style=\"padding: 5px 10px; border: 1px solid #000000;\">(+373) 22\u00a024 00 70<\/td>\n<td style=\"padding: 5px 10px; border: 1px solid #000000;\"><a href=\"mailto:statistica@bnrm.md\">statistica@bnrm.md<\/a><\/td>\n<\/tr>\n<tr>\n<td style=\"padding: 5px 10px; border: 1px solid #000000;\"><strong>Centrul de Formare Continu\u0103<br \/>\n\u00een Biblioteconomie<br \/>\n\u0219i \u0218tiin\u021be ale Inform\u0103rii<\/strong><br \/>\n\u015eef sec\u021bie: Ludmila Corghenci<strong><br \/>\n<\/strong><\/td>\n<td style=\"padding: 5px 10px; border: 1px solid #000000;\">(+373) 22 24 00 70<\/td>\n<td style=\"padding: 5px 10px; border: 1px solid #000000;\"><a href=\"mailto:lcorghenci@bnrm.md\">lcorghenci@bnrm.md<\/a><\/td>\n<\/tr>\n<tr>\n<td style=\"padding: 5px 10px; border: 1px solid #000000; text-align: center;\" colspan=\"3\"><span style=\"color: #993366;\"><strong>Direc\u0163ia Infrastructur\u0103<\/strong><\/span><br \/>\nTel.: (+373) 22 24 04 72<br \/>\nE-mail:\u00a0<a href=\"mailto:biblioteca@bnrm.md\">biblioteca@bnrm.md<\/a><\/td>\n<\/tr>\n<tr>\n<td style=\"padding: 5px 10px; border: 1px solid #000000;\"><strong>Inginer<\/strong><\/td>\n<td style=\"padding: 5px 10px; border: 1px solid #000000;\">(+373) 22 22 04 72<\/td>\n<td style=\"padding: 5px 10px; border: 1px solid #000000;\"><\/td>\n<\/tr>\n<tr>\n<td style=\"padding: 5px 10px; border: 1px solid #000000;\"><strong>Specialist securitate \u0219i s\u0103n\u0103tate \u00een munc\u0103<\/strong><\/td>\n<td style=\"padding: 5px 10px; border: 1px solid #000000;\">(+373) 22 22 37 07<\/td>\n<td style=\"padding: 5px 10px; border: 1px solid #000000;\"><\/td>\n<\/tr>\n<tr>\n<td style=\"padding: 5px 10px; border: 1px solid #000000;\"><strong>Administrator<\/strong>Aliona Cazacu<\/td>\n<td style=\"padding: 5px 10px; border: 1px solid #000000;\">(+373) 22 24 04 72<\/td>\n<td style=\"padding: 5px 10px; border: 1px solid #000000;\"><a href=\"mailto:infrastructura@bnrm.md\">infrastructura@bnrm.md<\/a><\/td>\n<\/tr>\n<\/tbody>\n<\/table>\n","protected":false},"excerpt":{"rendered":"<p>Contacte Conducerea Informa\u0163ii generale Direc\u021bii Conducerea Elena Pintilei Director general Tel.: (+373) 22 24 04 93 E-mail:\u00a0elena.pintilei@bnrm.md Cancelarie Tel.\/fax: (+373) 22 22 14 75 E-mail:\u00a0biblioteca@bnrm.md Aliona Tostogan Director adjunct Direc\u0163ia Rela\u021bii cu publiculTel.: (+373) 22 24 04 18 E-mail:\u00a0a.tostogan@bnrm.md Aliona Muntean Director adjunct Direc\u0163ia Resurse informa\u021bionaleTel.: (+373) 22 24 04 18 E-mail:\u00a0aliona.muntean@bnrm.md Veronica Bor\u0219 Director&#8230;<\/p>\n","protected":false},"author":1,"featured_media":0,"parent":0,"menu_order":1,"comment_status":"closed","ping_status":"closed","template":"","meta":{"_bst_post_transparent":"","_bst_post_title":"","_bst_post_layout":"","_bst_post_sidebar_id":"","_bst_post_content_style":"","_bst_post_vertical_padding":"","_bst_post_feature":"","_bst_post_feature_position":"","_bst_post_header":false,"_bst_post_footer":false,"footnotes":""},"class_list":["post-4022","page","type-page","status-publish","hentry"],"_links":{"self":[{"href":"https:\/\/www.bnrm.md\/index.php?rest_route=\/wp\/v2\/pages\/4022","targetHints":{"allow":["GET"]}}],"collection":[{"href":"https:\/\/www.bnrm.md\/index.php?rest_route=\/wp\/v2\/pages"}],"about":[{"href":"https:\/\/www.bnrm.md\/index.php?rest_route=\/wp\/v2\/types\/page"}],"author":[{"embeddable":true,"href":"https:\/\/www.bnrm.md\/index.php?rest_route=\/wp\/v2\/users\/1"}],"replies":[{"embeddable":true,"href":"https:\/\/www.bnrm.md\/index.php?rest_route=%2Fwp%2Fv2%2Fcomments&post=4022"}],"version-history":[{"count":20,"href":"https:\/\/www.bnrm.md\/index.php?rest_route=\/wp\/v2\/pages\/4022\/revisions"}],"predecessor-version":[{"id":6631,"href":"https:\/\/www.bnrm.md\/index.php?rest_route=\/wp\/v2\/pages\/4022\/revisions\/6631"}],"wp:attachment":[{"href":"https:\/\/www.bnrm.md\/index.php?rest_route=%2Fwp%2Fv2%2Fmedia&parent=4022"}],"curies":[{"name":"wp","href":"https:\/\/api.w.org\/{rel}","templated":true}]}}