{"id":4063,"date":"2014-09-23T14:57:07","date_gmt":"2014-09-23T11:57:07","guid":{"rendered":"http:\/\/localhost\/wp\/colectii\/"},"modified":"2014-09-23T14:57:07","modified_gmt":"2014-09-23T11:57:07","slug":"colectii","status":"publish","type":"page","link":"https:\/\/www.bnrm.md\/?page_id=4063","title":{"rendered":"Colec\u021bii"},"content":{"rendered":"<h1 style=\"text-align: center;\">Colec\u021bii<\/h1>\n<p>&nbsp;<\/p>\n<table>\n<tbody>\n<tr>\n<td style=\"width: 330px;\">\n<p><img fetchpriority=\"high\" decoding=\"async\" class=\" size-full wp-image-1476\" style=\"margin: 0px 10px;\" alt=\"colectii1\" src=\"http:\/\/www.bnrm.md\/wp-content\/uploads\/2014\/09\/colectii1.png\" height=\"205\" width=\"300\" \/><\/p>\n<p><img decoding=\"async\" class=\" size-full wp-image-1477\" style=\"margin: 0px 10px;\" alt=\"colectii2\" src=\"http:\/\/www.bnrm.md\/wp-content\/uploads\/2014\/09\/colectii2.png\" height=\"205\" width=\"300\" \/><\/p>\n<\/td>\n<td>\n<p>Biblioteca Na\u021bional\u0103 a Republicii Moldova dispune de o vast\u0103 colec\u021bie de carte \u0219i edi\u021bii periodice \u0219tiin\u021bifice din diferite domenii:<\/p>\n<ul>\n<li>Surse primare, care alc\u0103tuiesc baza cercet\u0103rii (culegeri de documente, relat\u0103ri ale c\u0103l\u0103torilor, culegeri de materiale arheologice sau etnografice, biografii, articole \u015ftiin\u0163ifice etc.).<\/li>\n<li>Instrumente de lucru: dictionare, enciclopedii, cronologii, cataloage (de arhiva, de biblioteca), bibliografii.<\/li>\n<li>Lucr\u0103ri de sintez\u0103 (monografii, manuale, tratate etc.)<\/li>\n<li>Lucr\u0103ri de compila\u0163ie (rezumate, referate , conspecte)<\/li>\n<li>Diserta\u0163ii, teze de doctorat, rapoarte de cercetare<\/li>\n<li>Lucr\u0103ri didactice \u015fi\/sau de popularizare a anumitor aspecte \u015ftiin\u0163ifice<\/li>\n<li>Anale \u0219tiin\u021bifice<\/li>\n<li>Reviste de specialitate din diferite domenii<\/li>\n<li>Materiale a conferin\u0163elor \u015ftiin\u0163ifice<\/li>\n<\/ul>\n<p>Din anul 2011 BNRM a ob\u021binut un exemplar al depozitului legal de carte \u0219tiin\u021bific\u0103 \u0219i edi\u021bii periodice \u0219tiin\u021bifice editate pe teritoriul Rom\u00e2niei.<\/p>\n<p>\u00cen acest r\u0103stimp s-a constituit un fond de cercetare relevant, astefel c\u0103 majoritastea cercet\u0103torilor nu mai au nevoie s\u0103 ia calea centrelor \u0219tiin\u021bifice de peste Prut pentru a se documenta pe temele actuale ale cercet\u0103rii, dezvolt\u0103rii \u0219i inov\u0103rii<\/p>\n<\/td>\n<\/tr>\n<\/tbody>\n<\/table>\n<p>&nbsp;<\/p>\n<p>&nbsp;<\/p>\n<p>&nbsp;<\/p>\n","protected":false},"excerpt":{"rendered":"<p>Colec\u021bii &nbsp; Biblioteca Na\u021bional\u0103 a Republicii Moldova dispune de o vast\u0103 colec\u021bie de carte \u0219i edi\u021bii periodice \u0219tiin\u021bifice din diferite domenii: Surse primare, care alc\u0103tuiesc baza cercet\u0103rii (culegeri de documente, relat\u0103ri ale c\u0103l\u0103torilor, culegeri de materiale arheologice sau etnografice, biografii, articole \u015ftiin\u0163ifice etc.). Instrumente de lucru: dictionare, enciclopedii, cronologii, cataloage (de arhiva, de biblioteca), bibliografii&#8230;.<\/p>\n","protected":false},"author":1,"featured_media":1475,"parent":0,"menu_order":25,"comment_status":"closed","ping_status":"closed","template":"","meta":{"_bst_post_transparent":"","_bst_post_title":"","_bst_post_layout":"","_bst_post_sidebar_id":"","_bst_post_content_style":"","_bst_post_vertical_padding":"","_bst_post_feature":"","_bst_post_feature_position":"","_bst_post_header":false,"_bst_post_footer":false,"footnotes":""},"class_list":["post-4063","page","type-page","status-publish","has-post-thumbnail","hentry"],"_links":{"self":[{"href":"https:\/\/www.bnrm.md\/index.php?rest_route=\/wp\/v2\/pages\/4063","targetHints":{"allow":["GET"]}}],"collection":[{"href":"https:\/\/www.bnrm.md\/index.php?rest_route=\/wp\/v2\/pages"}],"about":[{"href":"https:\/\/www.bnrm.md\/index.php?rest_route=\/wp\/v2\/types\/page"}],"author":[{"embeddable":true,"href":"https:\/\/www.bnrm.md\/index.php?rest_route=\/wp\/v2\/users\/1"}],"replies":[{"embeddable":true,"href":"https:\/\/www.bnrm.md\/index.php?rest_route=%2Fwp%2Fv2%2Fcomments&post=4063"}],"version-history":[{"count":0,"href":"https:\/\/www.bnrm.md\/index.php?rest_route=\/wp\/v2\/pages\/4063\/revisions"}],"wp:featuredmedia":[{"embeddable":true,"href":"https:\/\/www.bnrm.md\/index.php?rest_route=\/wp\/v2\/media\/1475"}],"wp:attachment":[{"href":"https:\/\/www.bnrm.md\/index.php?rest_route=%2Fwp%2Fv2%2Fmedia&parent=4063"}],"curies":[{"name":"wp","href":"https:\/\/api.w.org\/{rel}","templated":true}]}}