{"id":4175,"date":"2015-05-13T12:43:32","date_gmt":"2015-05-13T09:43:32","guid":{"rendered":"http:\/\/localhost\/wp\/fmsnb\/"},"modified":"2026-04-08T10:37:37","modified_gmt":"2026-04-08T08:37:37","slug":"fmsnb","status":"publish","type":"page","link":"https:\/\/www.bnrm.md\/?page_id=4175","title":{"rendered":"Forumul Managerilor din Sistemul Na\u021bional de Biblioteci"},"content":{"rendered":"<h1 style=\"text-align: center;\">Forumul Managerilor din Sistemul Na\u021bional de Biblioteci<\/h1>\n<p>Forumul \u00a0Managerilor din Sistemul Na\u021bional de Biblioteci este \u00een str\u00e2ns\u0103 corela\u021bie cu alte activit\u0103\u021bi metodologice organizate de BNRM \u00een special cu Simpozionul \u015etiin\u0163ific \u201eAnul bibliologic\u201d. La Forumul Managerilor din Sistemul Na\u021bional de Biblioteci \u00a0este prezentat conceptul \u015fi sarcinile proiectului na\u0163ional pe anul viitor, iar peste un an la Simpozion \u0218tiin\u021bific \u201cAnul Bibliologic\u201d se face un schimb de opinii, dezbateri, prezent\u0103ri etc. relative la proiectul na\u0163ional respectiv. Temele Forumului \u00a0Managerilor din Sistemul Na\u021bional de Biblioteci \u00a0sunt stabilite \u00een urma cercet\u0103rii st\u0103rii de lucruri \u00een domeniu \u00een ansamblu pe \u0163ar\u0103, depist\u0103rii aspectelor vulnerabile de activitate, precum \u015fi ca urmare a racord\u0103rii activit\u0103\u0163ii bibliotecilor \u021b\u0103rii la tendin\u0163ele biblioteconomice la nivel interna\u0163ional.<\/p>\n<p><a href=\"http:\/\/www.bnrm.md\/wp-content\/uploads\/2015\/05\/Priorit\u0103\u021bi profesionale ale anului 2026.pdf\" target=\"_blank\" rel=\"noopener\" data-wplink-url-error=\"true\">Priorit\u0103\u021bi profesionale 2026<\/a><\/p>\n<p><a href=\"http:\/\/www.bnrm.md\/wp-content\/uploads\/2015\/05\/Informatie-sinteza FMSNB2025.pdf\" target=\"_blank\" rel=\"noopener\" data-wplink-url-error=\"true\">Informa\u021bie-sintez\u0103 FMSNB 2025<\/a><\/p>\n<p><button title=\"Click pentru a vizualiza\/ascunde con\u021binutul\" type=\"button\" onclick=\"if(document.getElementById('BNRM') .style.display=='none') {document.getElementById('BNRM') .style.display=''}else{document.getElementById('BNRM') .style.display='none'}\">Arhiva<\/button><\/p>\n<div id=\"BNRM\" style=\"display: none;\">\n\n<p><a href=\"http:\/\/www.bnrm.md\/wp-content\/uploads\/2015\/05\/Informatie-sinteza-FMSNB-2024.pdf\">Informa\u021bie-sintez\u0103 FMSNB 2024<\/a><\/p>\n<p><a href=\"http:\/\/www.bnrm.md\/wp-content\/uploads\/2015\/05\/Prioritati-profesionale-2025-.pdf\">Priorit\u0103\u021bi profesionale 2025<\/a><\/p>\n<p>\u00a0<a href=\"\/files\/accesDedicat\/Agenda Forumul Managerilor (web) 2024.jpg\">Agenda Forumului Managerilor din Sistemul Na\u021bional de Biblioteci 2024<\/a><\/p>\n<p><a href=\"http:\/\/www.bnrm.md\/wp-content\/uploads\/2015\/05\/Informatie-sinteza-Forumul-Managerlor-2023.pdf\">Comunicat final Forumul Managerilor din Sistemul Na\u021bional de Biblioteci din Sistemul Na\u021bional de Biblioteci, 2023<\/a><\/p>\n<p><a href=\"http:\/\/www.bnrm.md\/wp-content\/uploads\/2015\/05\/Agenda_FMSNB-2023.pdf\">Agenda Forumului Managerilor din Sistemul Na\u021bional de Biblioteci 2023<\/a><\/p>\n<p><a href=\"http:\/\/www.bnrm.md\/wp-content\/uploads\/2015\/05\/Prioritati-profesionale-2024.pdf\">Priorit\u0103\u021bi profesionale ale anului 2024<\/a><\/p>\n<p><a href=\"http:\/\/www.bnrm.md\/wp-content\/uploads\/2015\/05\/Scrisoare_FM_2023.PDF\">Scrisoare invita\u021bie Forumul Managerilor din SNB 2023<\/a><\/p>\n<p><a href=\"\/files\/Biblioteca\/Agenda FMSNB 2022.pdf\">Agenda FORUMULUI MANAGERILOR DIN SISTEMUL NA\u021aIONAL DE BIBLIOTECI, 30 noiembrie 2022<\/a><\/p>\n<p><a href=\"http:\/\/www.bnrm.md\/wp-content\/uploads\/2015\/05\/Comunicat-final-Forumul-Managerilor-2022.pdf\">Comunicat final Forumul Managerilor din Sistemul Na\u021bional de Biblioteci din Sistemul Na\u021bional de Biblioteci, 2022<\/a><\/p>\n<p><a href=\"http:\/\/www.bnrm.md\/wp-content\/uploads\/2015\/05\/Initiative-profesionale-2023.pdf\">Priorit\u0103\u021bi profesionale ale anului 2023<\/a><\/p>\n<p><a href=\"http:\/\/www.bnrm.md\/wp-content\/uploads\/2015\/05\/agenda_ForumuluiManagerilor-scaled.jpg\">Agenda FORUMULUI MANAGERILOR DIN SISTEMUL NA\u021aIONAL DE BIBLIOTECI, 3 noiembrie 2021<\/a><\/p>\n<p><a href=\"http:\/\/www.bnrm.md\/wp-content\/uploads\/2015\/05\/Forumul-Managerilor-2022.pdf\">Priorit\u0103\u021bi profesionale ale anului 2022<\/a><br \/><a href=\"http:\/\/www.bnrm.md\/wp-content\/uploads\/2015\/05\/Comunicat-final-Forumul-Managerlor-3-noiembrie-2021.pdf\">Comunicat final FMSNB 2021<\/a>\u00a0<\/p>\n<p><strong><a href=\"http:\/\/www.bnrm.md\/wp-content\/uploads\/2015\/05\/AGENDA-Forum2020-scaled.jpg\">Agenda FORUMULUI MANAGERILOR DIN SISTEMUL NA\u021aIONAL DE BIBLIOTECI, 4 noiembrie 2020<\/a><\/strong><\/p>\n<p><strong><a href=\"http:\/\/www.bnrm.md\/wp-content\/uploads\/2015\/05\/Prioritati-profesionale-2021.pdf\">Identitatea bibliotecii \u00een noua normalitate: tendin\u021be \u0219i priorit\u0103\u021bi 2021. Priorit\u0103\u021bi na\u021bionale 2021<\/a><\/strong><\/p>\n<p><span style=\"font-family: CalibriBold;\"><a href=\"http:\/\/www.bnrm.md\/wp-content\/uploads\/2015\/05\/Comunicat-final-Forumul-Managerlor-4-noiembrie-2020.pdf\">Comunicat final al Forumul Managerilor din cadrul Sistemului Na\u021bional de Biblioteci, edi\u021bia a 25-a<\/a><\/span><\/p>\n<p><strong><a href=\"http:\/\/www.bnrm.md\/wp-content\/uploads\/2015\/05\/20191028-Agenda-Forumul-Managerilor.pdf\"> Agenda FORUMULUI MANAGERILOR DIN SISTEMUL NA\u021aIONAL DE BIBLIOTECI,30 octormbrie 2019<\/a><\/strong><\/p>\n<p><strong><a href=\"http:\/\/www.bnrm.md\/wp-content\/uploads\/2015\/05\/Prioritati-2020.-Forumul-Managerilor-2019.pdf\">Biblioteca anului 2020: CONSOLIDARE, INTERCONECTARE, PARTICIPARE. Priorit\u0103\u021bile na\u021bionale ale anului 2020<\/a><\/strong><\/p>\n<p><strong><a href=\"http:\/\/www.bnrm.md\/wp-content\/uploads\/2015\/05\/Comunicat-final-Forumul-Managerlor-30-octombrie-2019.pdf\">Comunicatul final al Forumul Managerilor din cadrul Sistemului Na\u021bional de Biblioteci, edi\u021bia a 24-a<\/a><\/strong><\/p>\n<p><strong><a href=\"http:\/\/www.bnrm.md\/wp-content\/uploads\/2015\/05\/Memoriu-Forumul-Managerilor-2019.pdf\">Memoriu pe marginea lucr\u0103rilor Forumului Managerilor din cadrul Sistemului Na\u021bional de Biblioteci, edi\u021bia a 24-a <\/a><\/strong><\/p>\n<p><strong><a href=\"http:\/\/www.bnrm.md\/wp-content\/uploads\/2015\/05\/20181205-Agenda-BIBLIOTECA-ANULUI-2019.pdf\">Agenda FORUMULUI MANAGERILOR DIN SISTEMUL NA\u021aIONAL DE BIBLIOTECI, 5 decembrie 2018<\/a><\/strong><\/p>\n<p><strong><a href=\"http:\/\/www.bnrm.md\/wp-content\/uploads\/2015\/05\/Declaratia-Forumului-Managerilor-2018.pdf\">Declara\u021bia Forumului Managerilor din Sistemul Na\u021bional de Biblioteci, 5 decembrie 2018<\/a><\/strong><\/p>\n<p><strong><a href=\"http:\/\/www.bnrm.md\/wp-content\/uploads\/2015\/05\/Forumul-Managerilor2017.pdf\">Program FORUMUL MANAGERILOR DIN SISTEMUL NA\u021aIONAL DE BIBLIOTECI, 2 noiembrie 2017<\/a><\/strong><\/p>\n<p><strong><a href=\"http:\/\/www.bnrm.md\/wp-content\/uploads\/2015\/05\/Apelul-Forumului-Managerilor-2017.pdf\">Apelul Forumului Managerilor din Sistemul Na\u021bional de Biblioteci, 2 noiembrie 2017<\/a><\/strong><\/p>\n<\/div>\n\n\n<p><\/p>\n","protected":false},"excerpt":{"rendered":"<p>Forumul Managerilor din Sistemul Na\u021bional de Biblioteci Forumul \u00a0Managerilor din Sistemul Na\u021bional de Biblioteci este \u00een str\u00e2ns\u0103 corela\u021bie cu alte activit\u0103\u021bi metodologice organizate de BNRM \u00een special cu Simpozionul \u015etiin\u0163ific \u201eAnul bibliologic\u201d. La Forumul Managerilor din Sistemul Na\u021bional de Biblioteci \u00a0este prezentat conceptul \u015fi sarcinile proiectului na\u0163ional pe anul viitor, iar peste un an la&#8230;<\/p>\n","protected":false},"author":1,"featured_media":0,"parent":0,"menu_order":7,"comment_status":"closed","ping_status":"closed","template":"","meta":{"_bst_post_transparent":"","_bst_post_title":"","_bst_post_layout":"","_bst_post_sidebar_id":"","_bst_post_content_style":"","_bst_post_vertical_padding":"","_bst_post_feature":"","_bst_post_feature_position":"","_bst_post_header":false,"_bst_post_footer":false,"footnotes":""},"class_list":["post-4175","page","type-page","status-publish","hentry"],"_links":{"self":[{"href":"https:\/\/www.bnrm.md\/index.php?rest_route=\/wp\/v2\/pages\/4175","targetHints":{"allow":["GET"]}}],"collection":[{"href":"https:\/\/www.bnrm.md\/index.php?rest_route=\/wp\/v2\/pages"}],"about":[{"href":"https:\/\/www.bnrm.md\/index.php?rest_route=\/wp\/v2\/types\/page"}],"author":[{"embeddable":true,"href":"https:\/\/www.bnrm.md\/index.php?rest_route=\/wp\/v2\/users\/1"}],"replies":[{"embeddable":true,"href":"https:\/\/www.bnrm.md\/index.php?rest_route=%2Fwp%2Fv2%2Fcomments&post=4175"}],"version-history":[{"count":4,"href":"https:\/\/www.bnrm.md\/index.php?rest_route=\/wp\/v2\/pages\/4175\/revisions"}],"predecessor-version":[{"id":6733,"href":"https:\/\/www.bnrm.md\/index.php?rest_route=\/wp\/v2\/pages\/4175\/revisions\/6733"}],"wp:attachment":[{"href":"https:\/\/www.bnrm.md\/index.php?rest_route=%2Fwp%2Fv2%2Fmedia&parent=4175"}],"curies":[{"name":"wp","href":"https:\/\/api.w.org\/{rel}","templated":true}]}}