{"id":4612,"date":"2019-06-06T15:11:07","date_gmt":"2019-06-06T12:11:07","guid":{"rendered":"http:\/\/localhost\/wp\/infografice\/"},"modified":"2019-06-06T15:11:07","modified_gmt":"2019-06-06T12:11:07","slug":"infografice","status":"publish","type":"page","link":"https:\/\/www.bnrm.md\/?page_id=4612","title":{"rendered":"Infografice"},"content":{"rendered":"<h4 style=\"text-align: center;\">Infografice<\/h4>\n<div class=\"infografice-wrap\">\n<div class=\"infografice-year-wrap\">\n<p>2023<\/p>\n<div class=\"infografice-img-wrap\">\n<figure>\n<p>\n\t\t\t\t\t<a href=\"http:\/\/www.bnrm.md\/wp-content\/uploads\/2019\/06\/Infografic-BNRM-2023.png\"><img fetchpriority=\"high\" decoding=\"async\" src=\"http:\/\/www.bnrm.md\/wp-content\/uploads\/2019\/06\/Infografic-BNRM-2023.png\" alt=\"2021\" width=\"200\" height=\"294\" \/><\/a>\n\t\t\t\t<\/p><figcaption><a href=\"\/wp\/\">2023<\/a><\/figcaption><\/figure>\n<\/p><\/div>\n<\/p><\/div>\n<div class=\"infografice-year-wrap\">\n<p>2021<\/p>\n<div class=\"infografice-img-wrap\">\n<figure>\n<p>\n\t\t\t\t\t<a href=\"http:\/\/www.bnrm.md\/wp-content\/uploads\/2019\/06\/2021_BNRM.png\"><img decoding=\"async\" src=\"http:\/\/www.bnrm.md\/wp-content\/uploads\/2019\/06\/2021_BNRM.png\" alt=\"2021\" width=\"200\" height=\"294\" \/><\/a>\n\t\t\t\t<\/p><figcaption><a href=\"\/wp\/\">2021<\/a><\/figcaption><\/figure>\n<\/p><\/div>\n<\/p><\/div>\n<div class=\"infografice-year-wrap\">\n<p>2019<\/p>\n<div class=\"infografice-img-wrap\">\n<figure>\n<p>\n\t\t\t\t\t<a href=\"http:\/\/www.bnrm.md\/wp-content\/uploads\/2019\/06\/2019-info-CFC.png\"><img decoding=\"async\" class=\" size-full wp-image-2460\" src=\"http:\/\/www.bnrm.md\/wp-content\/uploads\/2019\/06\/2019-info-CFC.png\" alt=\"Centrul de Formare Profesional\u0103 Continu\u0103 \u00een anul 2019\" width=\"200\" height=\"294\" \/><\/a>\n\t\t\t\t<\/p><figcaption><a href=\"\/wp\/\">Centrul de Formare Profesional\u0103 Continu\u0103 \u00een anul 2019<\/a><\/figcaption><\/figure>\n<figure>\n\t\t\t\t<a href=\"http:\/\/www.bnrm.md\/wp-content\/uploads\/2019\/06\/BNRM-2019.png\"><img loading=\"lazy\" decoding=\"async\" src=\"http:\/\/www.bnrm.md\/wp-content\/uploads\/2019\/06\/BNRM-2019.png\" alt=\"BNRM 2019\" width=\"208\" height=\"294\" \/><\/a><br \/>\n\t\t\t<\/figure>\n<\/p><\/div>\n<\/p><\/div>\n<div class=\"infografice-year-wrap\">\n<p>2018<\/p>\n<div class=\"infografice-img-wrap\">\n<figure>\n<p>\n\t\t\t\t\t<a href=\"http:\/\/www.bnrm.md\/wp-content\/uploads\/2019\/06\/2018-BNRM-cifre-big.png\"><img loading=\"lazy\" decoding=\"async\" class=\" size-full wp-image-2463\" src=\"http:\/\/www.bnrm.md\/wp-content\/uploads\/2019\/06\/2018-BNRM-cifre.png\" alt=\"Biblioteca Na\u021bional\u0103 \u00een cifre 2018\" width=\"213\" height=\"300\" \/><\/a>\n\t\t\t\t<\/p><figcaption><a href=\"\/wp\/\">Biblioteca Na\u021bional\u0103 \u00een cifre 2018<\/a><\/figcaption><\/figure>\n<figure>\n<p>\n\t\t\t\t\t<a href=\"http:\/\/www.bnrm.md\/wp-content\/uploads\/2019\/06\/2018-Sistemul-National-de-Biblioteci.png\"><img loading=\"lazy\" decoding=\"async\" class=\" size-full wp-image-2464\" src=\"http:\/\/www.bnrm.md\/wp-content\/uploads\/2019\/06\/2018-Sistemul-National-de-Biblioteci.png\" alt=\"Sistemul Na\u021bional de Biblioteci \u00een anul 2018\" width=\"199\" height=\"300\" \/><\/a>\n\t\t\t\t<\/p><figcaption><a href=\"\/wp\/\">Sistemul Na\u021bional de Biblioteci \u00een anul 2018<\/a><\/figcaption><\/figure>\n<\/p><\/div>\n<\/p><\/div>\n<div class=\"infografice-year-wrap\">\n<p>2017<\/p>\n<div class=\"infografice-img-wrap\">\n<figure>\n<p>\n\t\t\t\t\t<a href=\"http:\/\/www.bnrm.md\/wp-content\/uploads\/2019\/06\/2017_Infografic_LIBInternet.jpg\"><img loading=\"lazy\" decoding=\"async\" src=\"http:\/\/www.bnrm.md\/wp-content\/uploads\/2019\/06\/2017_Infografic_LIBInternet.jpg\" alt=\"Libraries and Internet in the Republic of Moldova 2017\" width=\"220\" height=\"309\" \/><\/a>\n\t\t\t\t<\/p><figcaption><a href=\"\/wp\/\">Libraries and Internet in the Republic of Moldova 2017<\/a><\/figcaption><\/figure>\n<figure>\n<p>\n\t\t\t\t\t<a href=\"http:\/\/www.bnrm.md\/wp-content\/uploads\/2019\/06\/2017-BNRM-big.png\"><img loading=\"lazy\" decoding=\"async\" class=\" size-full wp-image-2467\" src=\"http:\/\/www.bnrm.md\/wp-content\/uploads\/2019\/06\/2017-BNRM.png\" alt=\"Biblioteca Na\u021bional\u0103: cifre \u0219i fapte\" width=\"220\" height=\"300\" \/><\/a>\n\t\t\t\t<\/p><figcaption><a href=\"\/wp\/\">Biblioteca Na\u021bional\u0103: cifre \u0219i fapte 2017<\/a><\/figcaption><\/figure>\n<figure>\n<p>\n\t\t\t\t\t<a href=\"http:\/\/www.bnrm.md\/wp-content\/uploads\/2019\/06\/2017-BNRM-cifre-fapte-big.png\"><img loading=\"lazy\" decoding=\"async\" class=\" size-full wp-image-2469\" src=\"http:\/\/www.bnrm.md\/wp-content\/uploads\/2019\/06\/2017-BNRM-cifre-fapte.png\" alt=\"Biblioteca Na\u021bional\u0103 \u00een 2017\" width=\"218\" height=\"300\" \/><\/a>\n\t\t\t\t<\/p><figcaption><a href=\"\/wp\/\">Biblioteca Na\u021bional\u0103 \u00een 2017<\/a><\/figcaption><\/figure>\n<\/p><\/div>\n<\/p><\/div>\n<\/div>\n","protected":false},"excerpt":{"rendered":"<p>Infografice 2023 2023 2021 2021 2019 Centrul de Formare Profesional\u0103 Continu\u0103 \u00een anul 2019 2018 Biblioteca Na\u021bional\u0103 \u00een cifre 2018 Sistemul Na\u021bional de Biblioteci \u00een anul 2018 2017 Libraries and Internet in the Republic of Moldova 2017 Biblioteca Na\u021bional\u0103: cifre \u0219i fapte 2017 Biblioteca Na\u021bional\u0103 \u00een 2017<\/p>\n","protected":false},"author":1,"featured_media":2457,"parent":0,"menu_order":4,"comment_status":"closed","ping_status":"closed","template":"","meta":{"_bst_post_transparent":"","_bst_post_title":"","_bst_post_layout":"","_bst_post_sidebar_id":"","_bst_post_content_style":"","_bst_post_vertical_padding":"","_bst_post_feature":"","_bst_post_feature_position":"","_bst_post_header":false,"_bst_post_footer":false,"footnotes":""},"class_list":["post-4612","page","type-page","status-publish","has-post-thumbnail","hentry"],"_links":{"self":[{"href":"https:\/\/www.bnrm.md\/index.php?rest_route=\/wp\/v2\/pages\/4612","targetHints":{"allow":["GET"]}}],"collection":[{"href":"https:\/\/www.bnrm.md\/index.php?rest_route=\/wp\/v2\/pages"}],"about":[{"href":"https:\/\/www.bnrm.md\/index.php?rest_route=\/wp\/v2\/types\/page"}],"author":[{"embeddable":true,"href":"https:\/\/www.bnrm.md\/index.php?rest_route=\/wp\/v2\/users\/1"}],"replies":[{"embeddable":true,"href":"https:\/\/www.bnrm.md\/index.php?rest_route=%2Fwp%2Fv2%2Fcomments&post=4612"}],"version-history":[{"count":0,"href":"https:\/\/www.bnrm.md\/index.php?rest_route=\/wp\/v2\/pages\/4612\/revisions"}],"wp:featuredmedia":[{"embeddable":true,"href":"https:\/\/www.bnrm.md\/index.php?rest_route=\/wp\/v2\/media\/2457"}],"wp:attachment":[{"href":"https:\/\/www.bnrm.md\/index.php?rest_route=%2Fwp%2Fv2%2Fmedia&parent=4612"}],"curies":[{"name":"wp","href":"https:\/\/api.w.org\/{rel}","templated":true}]}}