{"id":4732,"date":"2014-05-31T19:16:38","date_gmt":"2014-05-31T16:16:38","guid":{"rendered":"http:\/\/localhost\/wp\/lucrari-didactice\/"},"modified":"2026-04-27T08:16:09","modified_gmt":"2026-04-27T06:16:09","slug":"lucrari-didactice","status":"publish","type":"page","link":"https:\/\/www.bnrm.md\/?page_id=4732","title":{"rendered":"Lucr\u0103ri didactice"},"content":{"rendered":"\t\t<div data-elementor-type=\"wp-page\" data-elementor-id=\"4732\" class=\"elementor elementor-4732\">\n\t\t\t\t<div class=\"elementor-element elementor-element-533724a e-flex e-con-boxed e-con e-parent\" data-id=\"533724a\" data-element_type=\"container\">\n\t\t\t\t\t<div class=\"e-con-inner\">\n\t\t\t\t<div class=\"elementor-element elementor-element-38cbe3d elementor-widget elementor-widget-heading\" data-id=\"38cbe3d\" data-element_type=\"widget\" data-widget_type=\"heading.default\">\n\t\t\t\t\t<h2 class=\"elementor-heading-title elementor-size-default\"><h1 class=\"entry-title\" style=\"font-size: 28px;font-family: Poppins, sans-serif;text-align: center;white-space: normal\">Lucr\u0103ri didactice<\/h1><\/h2>\t\t\t\t<\/div>\n\t\t\t\t\t<\/div>\n\t\t\t\t<\/div>\n\t\t<div class=\"elementor-element elementor-element-4643c076 e-flex e-con-boxed e-con e-parent\" data-id=\"4643c076\" data-element_type=\"container\">\n\t\t\t\t\t<div class=\"e-con-inner\">\n\t\t\t\t\t<\/div>\n\t\t\t\t<\/div>\n\t\t<div class=\"elementor-element elementor-element-51d2744 e-grid e-con-boxed e-con e-parent\" data-id=\"51d2744\" data-element_type=\"container\">\n\t\t\t\t\t<div class=\"e-con-inner\">\n\t\t\t\t<div class=\"elementor-element elementor-element-c6b616c elementor-widget elementor-widget-image\" data-id=\"c6b616c\" data-element_type=\"widget\" data-widget_type=\"image.default\">\n\t\t\t\t\t\t\t\t\t\t\t\t\t\t\t\t<a href=\"https:\/\/www.bnrm.md\/wp-content\/uploads\/2014\/05\/biblioteconomie-MP.pdf\">\n\t\t\t\t\t\t\t<img fetchpriority=\"high\" decoding=\"async\" width=\"213\" height=\"300\" src=\"https:\/\/www.bnrm.md\/wp-content\/uploads\/2014\/05\/Manual-practic-213x300.jpg\" class=\"attachment-medium size-medium wp-image-2673\" alt=\"BIBLIOTECONOMIE \u0218I \u0218TIIN\u0162E ALE INFORM\u0102RII. Manual practic\" srcset=\"https:\/\/www.bnrm.md\/wp-content\/uploads\/2014\/05\/Manual-practic-213x300.jpg 213w, https:\/\/www.bnrm.md\/wp-content\/uploads\/2014\/05\/Manual-practic-600x844.jpg 600w, https:\/\/www.bnrm.md\/wp-content\/uploads\/2014\/05\/Manual-practic-728x1024.jpg 728w, https:\/\/www.bnrm.md\/wp-content\/uploads\/2014\/05\/Manual-practic-768x1080.jpg 768w, https:\/\/www.bnrm.md\/wp-content\/uploads\/2014\/05\/Manual-practic-1092x1536.jpg 1092w, https:\/\/www.bnrm.md\/wp-content\/uploads\/2014\/05\/Manual-practic-1456x2048.jpg 1456w, https:\/\/www.bnrm.md\/wp-content\/uploads\/2014\/05\/Manual-practic.jpg 1754w\" sizes=\"(max-width: 213px) 100vw, 213px\" \/>\t\t\t\t\t\t\t\t<\/a>\n\t\t\t\t\t\t\t\t\t\t\t\t\t\t\t<\/div>\n\t\t\t\t<div class=\"elementor-element elementor-element-3ec6740 elementor-widget elementor-widget-image\" data-id=\"3ec6740\" data-element_type=\"widget\" data-widget_type=\"image.default\">\n\t\t\t\t\t\t\t\t\t\t\t\t\t\t\t\t<a href=\"https:\/\/www.bnrm.md\/wp-content\/uploads\/2014\/05\/L.Povestca.-Educatia-informala.pdf\">\n\t\t\t\t\t\t\t<img decoding=\"async\" width=\"205\" height=\"300\" src=\"https:\/\/www.bnrm.md\/wp-content\/uploads\/2014\/05\/Povestca_coperta-205x300.png\" class=\"attachment-medium size-medium wp-image-2676\" alt=\"POVESTCA, LILIA. EDUCA\u0162IA INFORMAL\u0102 A PERSONALULUI DE SPECIALITATE DIN BIBLIOTECI: SUPORT EDUCA\u0162IONAL\" srcset=\"https:\/\/www.bnrm.md\/wp-content\/uploads\/2014\/05\/Povestca_coperta-205x300.png 205w, https:\/\/www.bnrm.md\/wp-content\/uploads\/2014\/05\/Povestca_coperta.png 497w\" sizes=\"(max-width: 205px) 100vw, 205px\" \/>\t\t\t\t\t\t\t\t<\/a>\n\t\t\t\t\t\t\t\t\t\t\t\t\t\t\t<\/div>\n\t\t\t\t<div class=\"elementor-element elementor-element-999f7fe elementor-widget elementor-widget-image\" data-id=\"999f7fe\" data-element_type=\"widget\" data-widget_type=\"image.default\">\n\t\t\t\t\t\t\t\t\t\t\t\t\t\t\t\t<a href=\"https:\/\/www.bnrm.md\/wp-content\/uploads\/2014\/05\/Deontologia-bib.pdf\">\n\t\t\t\t\t\t\t<img decoding=\"async\" width=\"209\" height=\"300\" src=\"https:\/\/www.bnrm.md\/wp-content\/uploads\/2014\/05\/L-Corghenci-Deontologie-209x300.jpg\" class=\"attachment-medium size-medium wp-image-2678\" alt=\"LUDMILA CORGHENCI. DEONTOLOGIA PROFESIONAL\u0102 A PERSONALULUI DIN BIBLIOTECI.\" srcset=\"https:\/\/www.bnrm.md\/wp-content\/uploads\/2014\/05\/L-Corghenci-Deontologie-209x300.jpg 209w, https:\/\/www.bnrm.md\/wp-content\/uploads\/2014\/05\/L-Corghenci-Deontologie-scaled-600x861.jpg 600w, https:\/\/www.bnrm.md\/wp-content\/uploads\/2014\/05\/L-Corghenci-Deontologie-714x1024.jpg 714w, https:\/\/www.bnrm.md\/wp-content\/uploads\/2014\/05\/L-Corghenci-Deontologie-768x1102.jpg 768w, https:\/\/www.bnrm.md\/wp-content\/uploads\/2014\/05\/L-Corghenci-Deontologie-1071x1536.jpg 1071w, https:\/\/www.bnrm.md\/wp-content\/uploads\/2014\/05\/L-Corghenci-Deontologie-1428x2048.jpg 1428w, https:\/\/www.bnrm.md\/wp-content\/uploads\/2014\/05\/L-Corghenci-Deontologie-scaled.jpg 1785w\" sizes=\"(max-width: 209px) 100vw, 209px\" \/>\t\t\t\t\t\t\t\t<\/a>\n\t\t\t\t\t\t\t\t\t\t\t\t\t\t\t<\/div>\n\t\t\t\t\t<\/div>\n\t\t\t\t<\/div>\n\t\t\t\t<\/div>\n\t\t","protected":false},"excerpt":{"rendered":"<p>Lucr\u0103ri didactice<\/p>\n","protected":false},"author":1,"featured_media":2673,"parent":0,"menu_order":0,"comment_status":"closed","ping_status":"closed","template":"","meta":{"_bst_post_transparent":"","_bst_post_title":"","_bst_post_layout":"","_bst_post_sidebar_id":"","_bst_post_content_style":"","_bst_post_vertical_padding":"","_bst_post_feature":"","_bst_post_feature_position":"","_bst_post_header":false,"_bst_post_footer":false,"footnotes":""},"class_list":["post-4732","page","type-page","status-publish","has-post-thumbnail","hentry"],"_links":{"self":[{"href":"https:\/\/www.bnrm.md\/index.php?rest_route=\/wp\/v2\/pages\/4732","targetHints":{"allow":["GET"]}}],"collection":[{"href":"https:\/\/www.bnrm.md\/index.php?rest_route=\/wp\/v2\/pages"}],"about":[{"href":"https:\/\/www.bnrm.md\/index.php?rest_route=\/wp\/v2\/types\/page"}],"author":[{"embeddable":true,"href":"https:\/\/www.bnrm.md\/index.php?rest_route=\/wp\/v2\/users\/1"}],"replies":[{"embeddable":true,"href":"https:\/\/www.bnrm.md\/index.php?rest_route=%2Fwp%2Fv2%2Fcomments&post=4732"}],"version-history":[{"count":6,"href":"https:\/\/www.bnrm.md\/index.php?rest_route=\/wp\/v2\/pages\/4732\/revisions"}],"predecessor-version":[{"id":6821,"href":"https:\/\/www.bnrm.md\/index.php?rest_route=\/wp\/v2\/pages\/4732\/revisions\/6821"}],"wp:featuredmedia":[{"embeddable":true,"href":"https:\/\/www.bnrm.md\/index.php?rest_route=\/wp\/v2\/media\/2673"}],"wp:attachment":[{"href":"https:\/\/www.bnrm.md\/index.php?rest_route=%2Fwp%2Fv2%2Fmedia&parent=4732"}],"curies":[{"name":"wp","href":"https:\/\/api.w.org\/{rel}","templated":true}]}}