{"id":4744,"date":"2021-03-12T09:47:04","date_gmt":"2021-03-12T06:47:04","guid":{"rendered":"http:\/\/localhost\/wp\/potec-ia-datelor-cu-caracter-personal\/"},"modified":"2021-03-12T09:47:04","modified_gmt":"2021-03-12T06:47:04","slug":"potec-ia-datelor-cu-caracter-personal","status":"publish","type":"page","link":"https:\/\/www.bnrm.md\/?page_id=4744","title":{"rendered":"Potec\u021bia datelor cu caracter personal"},"content":{"rendered":"<h1 style=\"text-align: center;\">Date cu caracter personal<\/h1>\n<p>Conform Legii nr.133 din 08.07.2011 privind protec\u021bia datelor cu caracter personal, cu modific\u0103rile ulterioare (LP175 din 11.11.21, MO302-306\/10.12.21 art.431; \u00een vigoare 10.01.22), datele cu caracter personal constituie orice informa\u021bie referitoare la o persoan\u0103 fizic\u0103 sau juridic\u0103 identificat\u0103 sau identificabil\u0103 (subiect al datelor cu caracter personal).<\/p>\n<p>Persoana identificabil\u0103 este persoana care poate fi identificat\u0103, direct sau indirect, prin referire la un num\u0103r de identificare sau la unul ori mai multe elemente specifice identit\u0103\u021bii sale.<\/p>\n<p>\u00centru exercitarea atribu\u021biilor \u0219i obliga\u021biilor de serviciu, Biblioteca Na\u021bional\u0103 a Republicii Moldova prelucreaz\u0103 datele cu caracter personal \u00een conformitate cu prevederile Legii nr.133 din 08.07.2011, fiind \u00eenregistrate, \u00een mod corespunz\u0103tor, \u00een Registrul de eviden\u021b\u0103 al operatorilor de date cu caracter personal (cu nr. 0000211-001).<\/p>\n<p>Responsabil de protec\u021bia datelor cu caracter personal este desemnat\u0103 Direc\u021bia Comunicare \u0219i Tehnologia informa\u021biei din cadrul Bibliotecii Na\u021bionale a Republicii Moldova, telefon de contact 022-24 18 30.<\/p>\n<p>Pentru informa\u021bii suplimentare adresa\u021bi-v\u0103 \u00een scris sau prin adresa de e-mail (<a href=\"mailto:biblioteca@bnrm\">biblioteca@bnrm<\/a>) , la adresa mun. Chi\u0219in\u0103u, str. 31 August 1989, 78 A.<\/p>\n<p>&nbsp;<\/p>\n<p><a href=\"http:\/\/www.bnrm.md\/wp-content\/uploads\/2021\/03\/Politica-de-securitate.pdf\">Politica de securitate a datelor cu caracter personal la prelucrarea acestora \u00een cadrul sistemelor informa\u021bionale gestionate de Biblioteca Na\u021bional\u0103 a Republicii Moldova&nbsp;<\/a><\/p>\n<p><a href=\"http:\/\/www.bnrm.md\/wp-content\/uploads\/2021\/03\/Regulamentul-privind-prelucrarea-si-protectia-informatiilor-ce-contin-date-cu-caracter-personal-in-sistemul-de-evidenta-a-Resurse-umane.pdf\">Regulamentul privind prelucrarea \u0219i protec\u021bia informa\u021biilor ce con\u021bin date cu caracter personal \u00een sistemul de eviden\u021b\u0103 Resurse umane a Bibliotecii Na\u021bionale a Republicii Moldova<\/a><\/p>\n<p><a href=\"http:\/\/www.bnrm.md\/wp-content\/uploads\/2021\/03\/Regulamentul-privind-prelucrarea-si-protectia-informatiilor-ce-contin-date-cu-caracter-personal-in-sistemul-de-evidenta-a-beneficiarilor-BNRM.pdf\">Regulament privind prelucrarea \u0219i protec\u021bia informa\u021biilor ce con\u021bin date cu caracter personal \u00een sistemul de eviden\u021b\u0103 a utilizatorilor (beneficiarilor) Bibliotecii Na\u021bionale a Republicii Moldova<\/a><\/p>\n<p><a href=\"http:\/\/www.bnrm.md\/wp-content\/uploads\/2021\/03\/Regulament-Evidenta-contabila.pdf\">Regulament privind prelucrarea informa\u021biilor ce con\u021bin date cu caracter personal \u00een sistemul de eviden\u021b\u0103 contabil\u0103&nbsp;<\/a><\/p>\n<p><a href=\"http:\/\/www.bnrm.md\/wp-content\/uploads\/2021\/03\/Regulament-privind-evidenta-petitiilor.pdf\">Regulamentul Registrului de eviden\u021b\u0103 a peti\u021biilor parvenite \u00een adresa Bibliotecii Na\u021bionale a Republicii Moldova&nbsp;<\/a><\/p>\n<p><a href=\"http:\/\/www.bnrm.md\/wp-content\/uploads\/2021\/03\/Regulament-privind-supravegherea-prin-mijloace-video-in-cadrul-BNRM.pdf\">Regulamentul privind supravegherea prin mijloace video \u00een cadrul Bibliotecii Na\u021bionale a Republicii Moldova<\/a><\/p>\n<p><a href=\"http:\/\/www.bnrm.md\/wp-content\/uploads\/2021\/03\/Acord_prelucrarea_datelor_personale.jpg\">Acord privind prelucrarea datelor cu caracter personal ale salaria\u021bilor<\/a><\/p>\n","protected":false},"excerpt":{"rendered":"<p>Date cu caracter personal Conform Legii nr.133 din 08.07.2011 privind protec\u021bia datelor cu caracter personal, cu modific\u0103rile ulterioare (LP175 din 11.11.21, MO302-306\/10.12.21 art.431; \u00een vigoare 10.01.22), datele cu caracter personal constituie orice informa\u021bie referitoare la o persoan\u0103 fizic\u0103 sau juridic\u0103 identificat\u0103 sau identificabil\u0103 (subiect al datelor cu caracter personal). Persoana identificabil\u0103 este persoana care poate&#8230;<\/p>\n","protected":false},"author":1,"featured_media":0,"parent":0,"menu_order":6,"comment_status":"closed","ping_status":"closed","template":"","meta":{"_bst_post_transparent":"","_bst_post_title":"","_bst_post_layout":"","_bst_post_sidebar_id":"","_bst_post_content_style":"","_bst_post_vertical_padding":"","_bst_post_feature":"","_bst_post_feature_position":"","_bst_post_header":false,"_bst_post_footer":false,"footnotes":""},"class_list":["post-4744","page","type-page","status-publish","hentry"],"_links":{"self":[{"href":"https:\/\/www.bnrm.md\/index.php?rest_route=\/wp\/v2\/pages\/4744","targetHints":{"allow":["GET"]}}],"collection":[{"href":"https:\/\/www.bnrm.md\/index.php?rest_route=\/wp\/v2\/pages"}],"about":[{"href":"https:\/\/www.bnrm.md\/index.php?rest_route=\/wp\/v2\/types\/page"}],"author":[{"embeddable":true,"href":"https:\/\/www.bnrm.md\/index.php?rest_route=\/wp\/v2\/users\/1"}],"replies":[{"embeddable":true,"href":"https:\/\/www.bnrm.md\/index.php?rest_route=%2Fwp%2Fv2%2Fcomments&post=4744"}],"version-history":[{"count":0,"href":"https:\/\/www.bnrm.md\/index.php?rest_route=\/wp\/v2\/pages\/4744\/revisions"}],"wp:attachment":[{"href":"https:\/\/www.bnrm.md\/index.php?rest_route=%2Fwp%2Fv2%2Fmedia&parent=4744"}],"curies":[{"name":"wp","href":"https:\/\/api.w.org\/{rel}","templated":true}]}}